{"id":1333,"date":"2017-10-04T14:32:14","date_gmt":"2017-10-04T10:32:14","guid":{"rendered":"http:\/\/urpspharma.re\/?page_id=1333"},"modified":"2025-02-13T09:53:08","modified_gmt":"2025-02-13T05:53:08","slug":"bilan-2016-mon-pharmacien-et-mois-sans-tabac","status":"publish","type":"page","link":"https:\/\/urpspharma.re\/?page_id=1333","title":{"rendered":"Action : Bilan &#8211; MoiSansTabac"},"content":{"rendered":"\n<h1>\n\t\tBILANS\n\t<\/h1>\n<h1>\n\t\tSevrage tabagique\n\t<\/h1>\n<h1>\n\t\t#MoisSansTabac\n\t<\/h1>\n<h3>\n\t\tAction r\u00e9gionale en officine #MoisSansTabac 2024\n\t<\/h3>\n\t<p><strong>du 15 octobre au 30 novembre 2024<\/strong><\/p>\n<p>Pour la 9\u00e8me ann\u00e9e cons\u00e9cutive l&#8217;URPS pharmaciens s&#8217;engage fortement dans l&#8217;op\u00e9ration #MoisSansTabac pour accompagner et conseiller les patients fumeurs \u00e0 l&#8217;arr\u00eat du tabac.<\/p>\n\t\t\t<a href=\"https:\/\/drive.google.com\/file\/d\/1l9yhvJF1TTneoJvbLVwIwcsh0g3h7QB7\/view?usp=drive_link\" target=\"_blank\" rel=\"noopener\">\n\t\t\t\t\t\tBILAN 2024\n\t\t\t\t\t<\/a>\n\t<p><img loading=\"lazy\" decoding=\"async\" src=\"https:\/\/urpspharma.re\/wp-content\/uploads\/2024\/10\/2024-VF-affiche-A4-212x300.png\" alt=\"\" width=\"212\" height=\"300\" \/><\/p>\n<h3>\n\t\tAction r\u00e9gionale en officine #MoisSansTabac 2023\n\t<\/h3>\n\t<p><strong>du 15 octobre au 30 novembre 2023<\/strong><\/p>\n<p>Pour la 8 \u00e8me ann\u00e9e cons\u00e9cutive l&#8217;URPS pharmaciens s&#8217;engage fortement dans l&#8217;op\u00e9ration #MoisSansTabac pour accompagner et conseiller les patients fumeurs \u00e0 l&#8217;arr\u00eat du tabac.<\/p>\n<p>Le partenariat avec Tip@sant\u00e9 et son dispositif <i>Lib&#8217;sans tabac<\/i> permet de <b>toucher d&#8217;autres professionnels de sant\u00e9 lib\u00e9raux \u00e9galement engag\u00e9s dans notre op\u00e9ration.<\/b><\/p>\n\t\t\t<a href=\"https:\/\/drive.google.com\/file\/d\/17eRShNKedOZfh0mLLWzPt3vCGaLiNggC\/view?usp=drive_link\" target=\"_blank\" rel=\"noopener\">\n\t\t\t\t\t\tBILAN 2023\n\t\t\t\t\t<\/a>\n\t<p><img loading=\"lazy\" decoding=\"async\" src=\"https:\/\/urpspharma.re\/wp-content\/uploads\/2023\/10\/AFFICHE-213x300.png\" alt=\"\" width=\"251\" height=\"354\" \/><\/p>\n<h3>\n\t\tAction r\u00e9gionale en officine #MoisSansTabac 2022\n\t<\/h3>\n\t<p><strong>du 15 octobre au 30 novembre 2022<\/strong><\/p>\n<p>Pour la 7 \u00e8me ann\u00e9e cons\u00e9cutive l&#8217;URPS pharmaciens s&#8217;engage fortement dans l&#8217;op\u00e9ration #MoisSansTabac pour accompagner et conseiller les patients fumeurs \u00e0 l&#8217;arr\u00eat du tabac.<\/p>\n<p>Le partenariat avec Tip@sant\u00e9 et son dispositif <i>Lib&#8217;sans tabac<\/i> permet de <b>toucher d&#8217;autres professionnels de sant\u00e9 lib\u00e9raux \u00e9galement engag\u00e9s dans notre op\u00e9ration.<\/b><\/p>\n\t\t\t<a href=\"https:\/\/drive.google.com\/file\/d\/163uGL3DGYbZbrxS2ktsIMbJvaSodgKoy\/view?usp=sharing\" target=\"_blank\" rel=\"noopener\">\n\t\t\t\t\t\tBILAN 2022\n\t\t\t\t\t<\/a>\n\t<p><img loading=\"lazy\" decoding=\"async\" src=\"https:\/\/urpspharma.re\/wp-content\/uploads\/2022\/10\/FLYER-211x300.png\" alt=\"\" width=\"251\" height=\"357\" \/><\/p>\n<h3>\n\t\tMes soigants de proximit\u00e9 avec #MoisSansTabac 2021\n\t<\/h3>\n\t<p>Pour la 6 \u00e8me ann\u00e9e cons\u00e9cutive l&#8217;URPS pharmaciens s&#8217;engage fortement dans l&#8217;op\u00e9ration #MoisSansTabac pour conseiller les usagers volontaires \u00e0 l&#8217;arr\u00eat du tabac et les accompagner dans leur sevrage tabagique.<\/p>\n<p>71 pharmacies se sont port\u00e9es volontaires pour participer \u00e0 l&#8217;op\u00e9ration &#8220;Mes soignants de proximit\u00e9 avec #MoisSansTabac&#8221; soit 29% des pharmacies de La R\u00e9union.<\/p>\n<p>Le partenariat avec Tip@sant\u00e9 et son dispositif <i>Lib&#8217;sans tabac<\/i> a permis de <b>toucher d&#8217;autres professionnels de sant\u00e9 lib\u00e9raux \u00e9galement engag\u00e9s dans l&#8217;op\u00e9ration.<\/b><\/p>\n\t\t\t<a href=\"https:\/\/drive.google.com\/file\/d\/1mnaBENUIWBd9GZ2Q5F3jQuB9N85mIP_N\/view?usp=sharing\" target=\"_blank\" rel=\"noopener\">\n\t\t\t\t\t\tBILAN 2021\n\t\t\t\t\t<\/a>\n\t<p><img loading=\"lazy\" decoding=\"async\" src=\"https:\/\/urpspharma.re\/wp-content\/uploads\/2022\/10\/COUPON1.png\" alt=\"\" width=\"308\" height=\"438\" \/><\/p>\n<h3>\n\t\tMes soigants de proximit\u00e9 avec #MoisSansTabac 2020\n\t<\/h3>\n\t<p>Pour la 5 \u00e8me ann\u00e9e cons\u00e9cutive l&#8217;URPS pharmaciens s&#8217;engage fortement dans l&#8217;op\u00e9ration #MoisSansTabac pour conseiller les usagers volontaires \u00e0 l&#8217;arr\u00eat du tabac et les accompagner dans leur sevrage tabagique.<\/p>\n<p>73 pharmacies se sont port\u00e9es volontaires pour participer \u00e0 l&#8217;op\u00e9ration &#8220;Mes soignants de proximit\u00e9 avec #MoisSansTabac&#8221; soit 30% des pharmacies de La R\u00e9union.<\/p>\n<p>Le partenariat avec Tip@sant\u00e9 et son dispositif <i>Lib&#8217;sans tabac<\/i> a permis de <b>toucher d&#8217;autres professionnels de sant\u00e9 lib\u00e9raux \u00e9galement engag\u00e9s dans l&#8217;op\u00e9ration.<\/b><\/p>\n\t\t\t<a href=\"https:\/\/drive.google.com\/file\/d\/1IPt-b3NAqUU0thkknVfPsR4Z3ByAhJgI\/view?usp=sharing\" target=\"_blank\" rel=\"noopener\">\n\t\t\t\t\t\tBILAN 2020\n\t\t\t\t\t<\/a>\n\t<p><img loading=\"lazy\" decoding=\"async\" src=\"https:\/\/urpspharma.re\/wp-content\/uploads\/2020\/11\/affiche-site.png\" alt=\"\" width=\"265\" height=\"401\" \/><\/p>\n<h3>\n\t\tMon pharmacien et #MoiSansTabac 2019\n\t<\/h3>\n\t<p>Pour la 4 \u00e8me ann\u00e9e cons\u00e9cutive l&#8217;URPS pharmaciens s&#8217;engage fortement dans l&#8217;op\u00e9ration #MoisSansTabac pour conseiller les usagers volontaires \u00e0 l&#8217;arr\u00eat du tabac et les accompagner dans leur sevrage tabagique.<\/p>\n124 pharmacies ont pu \u00eatre sensibilis\u00e9es et se sont port\u00e9es volontaires pour participer \u00e0 l&#8217;op\u00e9ration Mon<br \/>\npharmacien et Moi(s) sans tabac soit 50% des pharmacies de La R\u00e9union.\n\t\t\t<a href=\"https:\/\/drive.google.com\/file\/d\/1D-5kAr3tpQZjwEoUOxe74vfdZSaZb2Xx\/view?usp=sharing\" target=\"_blank\" rel=\"noopener\">\n\t\t\t\t\t\tBILAN 2019\n\t\t\t\t\t<\/a>\n\t\t\t\t<a href=\"https:\/\/urpspharma.re\/wp-content\/uploads\/2019\/10\/affiche350.png\" target=\"_self\" itemprop=\"url\" rel=\"noopener\">\n\t\t\t\t<img loading=\"lazy\" decoding=\"async\" src=\"https:\/\/urpspharma.re\/wp-content\/uploads\/2019\/10\/affiche350.png\" alt=\"affiche350\" itemprop=\"image\" height=\"473\" width=\"350\" title=\"affiche350\" onerror=\"this.style.display='none'\"  \/>\n\t\t\t\t<\/a>\n<h3>\n\t\tDispositif Lib&#8217;sans tabac dans le cadre #MoiSansTabac 2018\n\t<\/h3>\n\t<p><strong>DES PROFESSIONNELS DE SANTE LIBERAUX <\/strong><strong>S&#8217;ENGAGENT ENSEMBLE POUR LE #MoiSansTabac<\/strong><\/p>\n<p>Pour la 3 \u00e8me ann\u00e9e cons\u00e9cutive l&#8217;URPS pharmaciens s&#8217;engage fortement en entra\u00eenant avec elle 5 autres unions r\u00e9gionales de l&#8217;association inter-URPS Tip@sant\u00e9 (m\u00e9decins, infirmiers, sages-femmes, chirurgiens-dentistes et masseurs-kin\u00e9sith\u00e9rapeutes).<\/p>\n\t\t\t<a href=\"https:\/\/drive.google.com\/file\/d\/1TBOTYSurr_qhB4SwFBBqe5IxVaYXUOni\/view?usp=sharing\" target=\"_blank\" rel=\"noopener\">\n\t\t\t\t\t\tBILAN 2018\n\t\t\t\t\t<\/a>\n\t\t\t<a href=\"https:\/\/drive.google.com\/file\/d\/1TBOTYSurr_qhB4SwFBBqe5IxVaYXUOni\/view?usp=sharing\" target=\"_blank\" rel=\"noopener\">\n\t\t\t\t\t\tBILAN #MoiSansTabac 2018- 974 &#8211; ARS\n\t\t\t\t\t<\/a>\n\t\t\t\t<a href=\"https:\/\/urpspharma.re\/wp-content\/uploads\/2019\/10\/AFFICHE-LIBSANSTABAC.png\" target=\"_self\" itemprop=\"url\" rel=\"noopener\">\n\t\t\t\t<img decoding=\"async\" src=\"http:\/\/urpspharma.re\/wp-content\/uploads\/2019\/10\/AFFICHE-LIBSANSTABAC.png\" alt=\"AFFICHE LIBSANSTABAC\" itemprop=\"image\" title=\"AFFICHE LIBSANSTABAC\" onerror=\"this.style.display='none'\"  \/>\n\t\t\t\t<\/a>\n\t\t\t\t<a href=\"https:\/\/urpspharma.re\/wp-content\/uploads\/2019\/10\/FLYERS1.png\" target=\"_self\" itemprop=\"url\" rel=\"noopener\">\n\t\t\t\t<img decoding=\"async\" src=\"http:\/\/urpspharma.re\/wp-content\/uploads\/2019\/10\/FLYERS1.png\" alt=\"FLYERS1\" itemprop=\"image\" title=\"FLYERS1\" onerror=\"this.style.display='none'\"  \/>\n\t\t\t\t<\/a>\n\t\t\t\t<img decoding=\"async\" src=\"http:\/\/urpspharma.re\/wp-content\/uploads\/2019\/10\/FLYERS2.png\" alt=\"FLYERS2\" itemprop=\"image\" title=\"FLYERS2\" onerror=\"this.style.display='none'\"  \/>\n<h3>\n\t\tDispositif Lib&#8217;sans tabac dans le cadre #MoiSansTabac 2017\n\t<\/h3>\n\t<p><strong>DES PROFESSIONNELS DE SANTE LIBERAUX <\/strong><strong>S&#8217;ENGAGENT ENSEMBLE POUR LE #MoiSansTabac<\/strong><\/p>\n<p>Pour la 2 \u00e8me ann\u00e9e cons\u00e9cutive l&#8217;URPS pharmaciens s&#8217;engage fortement en entra\u00eenant avec elle 4 autres unions r\u00e9gionales de l&#8217;association inter-URPS Tip@sant\u00e9 (m\u00e9decins, infirmiers, sages-femmes, chirurgiens-dentistes). C&#8217;est un v\u00e9ritable d\u00e9fi collectif qui est lanc\u00e9 \u00e0 tous les lib\u00e9raux de sant\u00e9 pour offrir \u00e0 un maximum de fumeurs volontaires les meilleures conditions pour arr\u00eater le tabac pendant tout le mois de novembre.<\/p>\n\t\t\t<a href=\"https:\/\/drive.google.com\/file\/d\/1jULU8Gqrn623fmuHEDk0G8nxyq9paz62\/view?usp=sharing\" target=\"_blank\" rel=\"noopener\">\n\t\t\t\t\t\tBILAN 2017\n\t\t\t\t\t<\/a>\n\t\t\t\t<a href=\"https:\/\/urpspharma.re\/wp-content\/uploads\/2017\/10\/affiche-pharmar.png\" target=\"_self\" itemprop=\"url\" rel=\"noopener\">\n\t\t\t\t<img decoding=\"async\" src=\"http:\/\/urpspharma.re\/wp-content\/uploads\/2017\/10\/affiche-pharmar.png\" alt=\"affiche pharmar\" itemprop=\"image\" title=\"affiche pharmar\" onerror=\"this.style.display='none'\"  \/>\n\t\t\t\t<\/a>\n\t\t\t\t<a href=\"https:\/\/urpspharma.re\/wp-content\/uploads\/2017\/09\/lib-sans-tabac500.png\" target=\"_self\" itemprop=\"url\" rel=\"noopener\">\n\t\t\t\t<img decoding=\"async\" src=\"http:\/\/urpspharma.re\/wp-content\/uploads\/2017\/09\/lib-sans-tabac500.png\" alt=\"lib sans tabac500\" itemprop=\"image\" title=\"lib sans tabac500\" onerror=\"this.style.display='none'\"  \/>\n\t\t\t\t<\/a>\n<h3>\n\t\tMon pharmacien et Moi(s) sans tabac 2016\n\t<\/h3>\n\t<p><strong>Les pharmaciens, acteurs de Moi(s) sans tabac<\/strong><\/p>\n<p>En premi\u00e8re ligne pour conseiller les fumeurs candidats \u00e0 l&#8217;arr\u00eat du tabac et les accompagner dans leur sevrage, les pharmaciens soutiennent aujourd&#8217;hui encore les\u00a0 actions\u00a0 des autorit\u00e9s nationales, cette fois dans le cadre de l&#8217;op\u00e9ration Moi(s) sans tabac.<\/p>\n<p>Baptis\u00e9e &#8220;Mon pharmacien et moi(s) sans tabac !&#8221;, l&#8217;op\u00e9ration regroupe \u00e0 ce jour pr\u00e8s d&#8217;une pharmacie sur deux \u00e0 La R\u00e9union. Le rep\u00e9rage est vou\u00e9 \u00e0 perdurer au-del\u00e0 de l&#8217;op\u00e9ration Moi(s) sans tabac.<\/p>\n\t\t\t<a href=\"https:\/\/drive.google.com\/open?id=1BIvY-vbCvWdVQIA8KQmag-3ckAWQk2xJ\" target=\"_blank\" rel=\"noopener\">\n\t\t\t\t\t\tBILAN 2016\n\t\t\t\t\t<\/a>\n\t\t\t<a href=\"https:\/\/drive.google.com\/open?id=0B6INdQizpimkb1JTcGFqRGwwNl9PQm4yZU1SS0pqeFNsZFFZ\" target=\"_blank\" rel=\"noopener\">\n\t\t\t\t\t\tCompl\u00e9ment BILAN 2016\n\t\t\t\t\t<\/a>\n\t\t\t\t<a href=\"https:\/\/urpspharma.re\/wp-content\/uploads\/2016\/12\/affiche-mon-phien-et-mois-ss-tabac.png\" target=\"_self\" itemprop=\"url\" rel=\"noopener\">\n\t\t\t\t<img decoding=\"async\" src=\"http:\/\/urpspharma.re\/wp-content\/uploads\/2016\/12\/affiche-mon-phien-et-mois-ss-tabac.png\" alt=\"affiche mon phien et mois ss tabac\" itemprop=\"image\" title=\"affiche mon phien et mois ss tabac\" onerror=\"this.style.display='none'\"  \/>\n\t\t\t\t<\/a>\n\n","protected":false},"excerpt":{"rendered":"<p>BILANS Sevrage tabagique #MoisSansTabac Action r\u00e9gionale en officine #MoisSansTabac 2024 du 15 octobre au 30 novembre 2024 Pour la 9\u00e8me ann\u00e9e cons\u00e9cutive l&#8217;URPS pharmaciens s&#8217;engage fortement dans l&#8217;op\u00e9ration #MoisSansTabac pour accompagner et conseiller les patients fumeurs \u00e0 l&#8217;arr\u00eat du tabac. BILAN 2024 Action r\u00e9gionale en officine #MoisSansTabac 2023 du 15 octobre au 30 novembre 2023&hellip;<\/p>\n","protected":false},"author":3,"featured_media":0,"parent":0,"menu_order":0,"comment_status":"closed","ping_status":"closed","template":"","meta":{"footnotes":""},"amp_enabled":true,"_links":{"self":[{"href":"https:\/\/urpspharma.re\/index.php?rest_route=\/wp\/v2\/pages\/1333"}],"collection":[{"href":"https:\/\/urpspharma.re\/index.php?rest_route=\/wp\/v2\/pages"}],"about":[{"href":"https:\/\/urpspharma.re\/index.php?rest_route=\/wp\/v2\/types\/page"}],"author":[{"embeddable":true,"href":"https:\/\/urpspharma.re\/index.php?rest_route=\/wp\/v2\/users\/3"}],"replies":[{"embeddable":true,"href":"https:\/\/urpspharma.re\/index.php?rest_route=%2Fwp%2Fv2%2Fcomments&post=1333"}],"version-history":[{"count":34,"href":"https:\/\/urpspharma.re\/index.php?rest_route=\/wp\/v2\/pages\/1333\/revisions"}],"predecessor-version":[{"id":6893,"href":"https:\/\/urpspharma.re\/index.php?rest_route=\/wp\/v2\/pages\/1333\/revisions\/6893"}],"wp:attachment":[{"href":"https:\/\/urpspharma.re\/index.php?rest_route=%2Fwp%2Fv2%2Fmedia&parent=1333"}],"curies":[{"name":"wp","href":"https:\/\/api.w.org\/{rel}","templated":true}]}}