{"id":2083,"date":"2019-03-27T10:01:30","date_gmt":"2019-03-27T06:01:30","guid":{"rendered":"http:\/\/urpspharma.re\/?page_id=2083"},"modified":"2024-02-23T13:42:15","modified_gmt":"2024-02-23T09:42:15","slug":"actualites-public-2","status":"publish","type":"page","link":"https:\/\/urpspharma.re\/?page_id=2083","title":{"rendered":"Points \u00e9pid\u00e9miologiques"},"content":{"rendered":"\n<h1>\n\t\tPoints \u00e9pid\u00e9miologiques\n\t<\/h1>\n\t<p>Actualit\u00e9 &#8211; Alerte sanitaire &#8211; Article &#8211; Communiqu\u00e9 de presse<\/p>\n\t\t\t\t<img loading=\"lazy\" decoding=\"async\" src=\"https:\/\/urpspharma.re\/wp-content\/uploads\/2024\/02\/groupe.jpg\" alt=\"groupe\" itemprop=\"image\" height=\"648\" width=\"981\" title=\"groupe\" onerror=\"this.style.display='none'\"  \/>\n\t<p>&nbsp;<\/p>\n<ul>\n<li>Covid-19<\/li>\n<li>Dengue<\/li>\n<li>Leptospirose<\/li>\n<li>Covid-19<\/li>\n<li>Bronchiolite<\/li>\n<li>Rougeole<\/li>\n<li>Grippe saisonni\u00e8re<\/li>\n<li>etc&#8230;.<\/li>\n<\/ul>\n\n","protected":false},"excerpt":{"rendered":"<p>Points \u00e9pid\u00e9miologiques Actualit\u00e9 &#8211; Alerte sanitaire &#8211; Article &#8211; Communiqu\u00e9 de presse &nbsp; Covid-19 Dengue Leptospirose Covid-19 Bronchiolite Rougeole Grippe saisonni\u00e8re etc&#8230;.<\/p>\n","protected":false},"author":3,"featured_media":0,"parent":0,"menu_order":0,"comment_status":"closed","ping_status":"closed","template":"","meta":{"footnotes":""},"amp_enabled":true,"_links":{"self":[{"href":"https:\/\/urpspharma.re\/index.php?rest_route=\/wp\/v2\/pages\/2083"}],"collection":[{"href":"https:\/\/urpspharma.re\/index.php?rest_route=\/wp\/v2\/pages"}],"about":[{"href":"https:\/\/urpspharma.re\/index.php?rest_route=\/wp\/v2\/types\/page"}],"author":[{"embeddable":true,"href":"https:\/\/urpspharma.re\/index.php?rest_route=\/wp\/v2\/users\/3"}],"replies":[{"embeddable":true,"href":"https:\/\/urpspharma.re\/index.php?rest_route=%2Fwp%2Fv2%2Fcomments&post=2083"}],"version-history":[{"count":14,"href":"https:\/\/urpspharma.re\/index.php?rest_route=\/wp\/v2\/pages\/2083\/revisions"}],"predecessor-version":[{"id":6287,"href":"https:\/\/urpspharma.re\/index.php?rest_route=\/wp\/v2\/pages\/2083\/revisions\/6287"}],"wp:attachment":[{"href":"https:\/\/urpspharma.re\/index.php?rest_route=%2Fwp%2Fv2%2Fmedia&parent=2083"}],"curies":[{"name":"wp","href":"https:\/\/api.w.org\/{rel}","templated":true}]}}