{"id":2213,"date":"2019-03-27T13:54:26","date_gmt":"2019-03-27T09:54:26","guid":{"rendered":"http:\/\/urpspharma.re\/?page_id=2213"},"modified":"2020-12-21T16:28:28","modified_gmt":"2020-12-21T12:28:28","slug":"enquetes","status":"publish","type":"page","link":"https:\/\/urpspharma.re\/?page_id=2213","title":{"rendered":"ENQUETES 2020"},"content":{"rendered":"\n\t\t\t\t<img loading=\"lazy\" decoding=\"async\" src=\"https:\/\/urpspharma.re\/wp-content\/uploads\/2017\/09\/cropped-cropped-BANDEAU-980x200px-1024x218.jpg\" alt=\"cropped-cropped-BANDEAU-980x200px.jpg\" itemprop=\"image\" height=\"218\" width=\"1024\" title=\"cropped-cropped-BANDEAU-980x200px.jpg\"  \/>\n<h1>\n\t\tENQUETES 2020\n\t<\/h1>\n<h3>\n\t\tCovid-19 : TROD antig\u00e9niques &#8211; Mieux conna\u00eetre votre offre de d\u00e9pistage ou les freins que vous rencontrez\n\t<\/h3>\n\tPour mieux \u00e9valuer les ressources du r\u00e9seau officinal en vu du retour des vacanciers et d&#8217;une \u00e9ventuelle reprise \u00e9pid\u00e9mique, dans le cadre de la strat\u00e9gie sanitaire \u00ab Tester \u2013 Alerter \u2013 Prot\u00e9ger \u00bb, votre URPS actualise son enqu\u00eate sp\u00e9ciale TESTS ANTIGENIQUES<br \/>\n&#8211; disponibilit\u00e9 des TROD antig\u00e9niques et EPI (Equipements de Protection Individuelle)<br \/>\n&#8211; mise en place de Barnum<br \/>\n&#8211; besoins en formations-habilitations au frottis rhinopharyng\u00e9 et nasal profond pour recherche de SARS-CoV-2 (Covid-19)<br \/>\n&#8211; visibilit\u00e9 de l&#8217;offre de d\u00e9pistage propos\u00e9e par les pharmaciens.\n<p>Gr\u00e2ce \u00e0 vos r\u00e9ponses, votre URPS pourra mieux jouer son r\u00f4le de facilitateur.<\/p>\n\t<p><strong>En cours<\/strong><\/p>\n\t\t\t<a href=\"https:\/\/docs.google.com\/forms\/d\/e\/1FAIpQLScGyS4vIaAzTvIzjJ_1wEy2XUyeLJorBS9-xuwpshzeK1Z4Qw\/viewform\" target=\"_blank\" role=\"button\" rel=\"noopener noreferrer\">\n\t\t\t\t\t\tENQUETE FLASH\n\t\t\t\t\t<\/a>\n\t\t\t\t<a href=\"https:\/\/drive.google.com\/file\/d\/0BzC3efHGSHDmSG9tN0VIdXJRZndXajA0YXFVazFnRXgtaTJn\/view?usp=sharing\" target=\"_blank\" rel=\"noopener noreferrer\" itemprop=\"url\">\n\t\t\t\t<img loading=\"lazy\" decoding=\"async\" src=\"https:\/\/urpspharma.re\/wp-content\/uploads\/2020\/11\/TROD-ANTIGENIQUES.jpg\" alt=\"TROD ANTIGENIQUES\" itemprop=\"image\" height=\"167\" width=\"250\" title=\"TROD ANTIGENIQUES\"  \/>\n\t\t\t\t<\/a>\n<h3>\n\t\tCovid-19 : Organisation de votre stock de masques d&#8217;Etat\n\t<\/h3>\n\t<p><strong>ALERTE ROUGE SUR LES MASQUES D&#8217;ETAT<\/strong><\/p>\n<p>Vous r\u00e9ponses nous permettront d&#8217;alerter l&#8217;ARS sur votre situation concernant votre stock d&#8217;Etat ainsi que vos besoins compl\u00e9mentaires.<\/p>\n\t<p>Enqu\u00eate termin\u00e9e<\/p>\n\t\t\t<a href=\"https:\/\/docs.google.com\/forms\/d\/e\/1FAIpQLSfipjUG6aY5tQOntdA5XdLa3deiHbhwfU1DUn2Lpb3tcs0KbQ\/viewform\" target=\"_blank\" role=\"button\" rel=\"noopener noreferrer\">\n\t\t\t\t\t\tENQUETE : Organisation de votre stock de masques d&#8217;Etat d&#8217;ao\u00fbt 2020\n\t\t\t\t\t<\/a>\n\t\t\t\t<a href=\"https:\/\/drive.google.com\/file\/d\/0BzC3efHGSHDmSG9tN0VIdXJRZndXajA0YXFVazFnRXgtaTJn\/view?usp=sharing\" target=\"_blank\" rel=\"noopener noreferrer\" itemprop=\"url\">\n\t\t\t\t<img loading=\"lazy\" decoding=\"async\" src=\"https:\/\/urpspharma.re\/wp-content\/uploads\/2020\/03\/image-masque.png\" alt=\"image masque\" itemprop=\"image\" height=\"225\" width=\"225\" title=\"image masque\"  \/>\n\t\t\t\t<\/a>\n<h3>\n\t\tCovid-19 : Etat des lieux des stocks de masques d&#8217;Etat en officine\n\t<\/h3>\n\t<p>Vos r\u00e9ponses nous permettront d&#8217;alerter l&#8217;ARS sur l&#8217;\u00e9cart entre les quantit\u00e9s que vous pouvez commander aupr\u00e8s du grossiste qui vous a \u00e9t\u00e9 affect\u00e9 et les demandes constat\u00e9es au comptoir. Ce afin de pr\u00e9venir une difficult\u00e9 d&#8217;approvisionnement des professionnels de sant\u00e9 d&#8217;ici \u00e0 fin septembre.<\/p>\n\t<p>Enqu\u00eate termin\u00e9e<\/p>\n\t\t\t<a href=\"https:\/\/docs.google.com\/forms\/d\/e\/1FAIpQLSdKOCkiagxVchz7DuBg9h0dk8irEIQxWDvK40RGzv1W7smU1Q\/viewform\" target=\"_blank\" role=\"button\" rel=\"noopener noreferrer\">\n\t\t\t\t\t\tENQUETE : Etat des lieux des stocks de masques d&#8217;Etat en officine d&#8217;ao\u00fbt 2020\n\t\t\t\t\t<\/a>\n\t\t\t\t<a href=\"https:\/\/drive.google.com\/file\/d\/0BzC3efHGSHDmSG9tN0VIdXJRZndXajA0YXFVazFnRXgtaTJn\/view?usp=sharing\" target=\"_blank\" rel=\"noopener noreferrer\" itemprop=\"url\">\n\t\t\t\t<img loading=\"lazy\" decoding=\"async\" src=\"https:\/\/urpspharma.re\/wp-content\/uploads\/2020\/03\/image-masque.png\" alt=\"image masque\" itemprop=\"image\" height=\"225\" width=\"225\" title=\"image masque\"  \/>\n\t\t\t\t<\/a>\n<h3>\n\t\tCovid-19 : TROD en officine\n\t<\/h3>\n\t<p>Votre URPS vous sollicite pour dresser un \u00e9tat des lieux des TROD s\u00e9rologiques Covid-19 dans vos officines.<\/p>\n<p>&nbsp;<\/p>\n\t<p>Enqu\u00eate termin\u00e9e<\/p>\n\t\t\t<a href=\"https:\/\/docs.google.com\/forms\/d\/e\/1FAIpQLSdQmnTeW3LLLJYEIyD5mSyO0S9xbJP7MGHaL3FOm---j6PKxg\/viewform\" target=\"_blank\" role=\"button\" rel=\"noopener noreferrer\">\n\t\t\t\t\t\tENQUETE : TROD Covid-19 en officine de juillet 2020\n\t\t\t\t\t<\/a>\n\t\t\t\t<a href=\"https:\/\/drive.google.com\/file\/d\/0BzC3efHGSHDmSG9tN0VIdXJRZndXajA0YXFVazFnRXgtaTJn\/view?usp=sharing\" target=\"_blank\" rel=\"noopener noreferrer\" itemprop=\"url\">\n\t\t\t\t<img loading=\"lazy\" decoding=\"async\" src=\"https:\/\/urpspharma.re\/wp-content\/uploads\/2020\/08\/trod-covid.png\" alt=\"trod covid\" itemprop=\"image\" height=\"158\" width=\"359\" title=\"trod covid\"  \/>\n\t\t\t\t<\/a>\n<h3>\n\t\tVaccination anti-grippale en officine, O\u00f9 en sommes-nous ?\n\t<\/h3>\n\t<p>Campagne du 1er juin au 30 septembre 2020<\/p>\n<p>Depuis mi-juillet les grossistes r\u00e9partiteurs signalent des tensions au niveau des stocks de vaxigrip.<\/p>\n<p>Vos r\u00e9ponses nous permettront de disposer des \u00e9l\u00e9ments n\u00e9cessaires pour mieux \u00e9valuer la situation et informer les prescripteurs.<\/p>\n\t<p>Enqu\u00eate termin\u00e9e<\/p>\n\t\t\t<a href=\"https:\/\/docs.google.com\/forms\/d\/e\/1FAIpQLSeNP1HK2sPEyRBAtyc2kAHNzrf1EbrtbIJ2kt8eoxWN2Kiepw\/viewform\" target=\"_blank\" role=\"button\" rel=\"noopener noreferrer\">\n\t\t\t\t\t\tENQUETE : VACCINATION de juillet 2020\n\t\t\t\t\t<\/a>\n\t\t\t\t<a href=\"https:\/\/drive.google.com\/file\/d\/0BzC3efHGSHDmSG9tN0VIdXJRZndXajA0YXFVazFnRXgtaTJn\/view?usp=sharing\" target=\"_blank\" rel=\"noopener noreferrer\" itemprop=\"url\">\n\t\t\t\t<img loading=\"lazy\" decoding=\"async\" src=\"https:\/\/urpspharma.re\/wp-content\/uploads\/2019\/07\/image-vaccin400.png\" alt=\"image vaccin400\" itemprop=\"image\" height=\"268\" width=\"400\" title=\"image vaccin400\"  \/>\n\t\t\t\t<\/a>\n<h3>\n\t\tVaccination anti-grippale en officine, d\u00e9but de la campagne le 1er juin 2020, \u00eates vous pr\u00eats ?\n\t<\/h3>\n\tCe sondage express nous permettra de mieux comprendre cette situation et de disposer des \u00e9l\u00e9ments permettant de communiquer aupr\u00e8s du grand public.<br \/>\nNous souhaitons \u00e9galement conna\u00eetre l&#8217;impact de la crise sanitaire sur votre d\u00e9cision de vacciner ou pas, et<br \/>\nvotre besoin\u00a0actuel\u00a0en formation compl\u00e9mentaire sur la vaccination en officine.\n\t<p>Enqu\u00eate termin\u00e9e<\/p>\n\t\t\t<a href=\"https:\/\/docs.google.com\/forms\/d\/e\/1FAIpQLSci_2R4x5PbqnY0kqs4Qxm9EDQogpdC0aknuL7QD6vgEdScnw\/viewform\" target=\"_blank\" role=\"button\" rel=\"noopener noreferrer\">\n\t\t\t\t\t\tENQUETE : VACCINATION de mai 2020\n\t\t\t\t\t<\/a>\n\t\t\t<a href=\"https:\/\/drive.google.com\/file\/d\/1eAVDx3yqQU9BF7CezwKc59uh5anDnRGm\/view?usp=sharing\" target=\"_blank\" role=\"button\" rel=\"noopener noreferrer\">\n\t\t\t\t\t\tRESULTATS DE L&#8217;ENQUETE de mai 2020\n\t\t\t\t\t<\/a>\n\t\t\t\t<a href=\"https:\/\/drive.google.com\/file\/d\/0BzC3efHGSHDmSG9tN0VIdXJRZndXajA0YXFVazFnRXgtaTJn\/view?usp=sharing\" target=\"_blank\" rel=\"noopener noreferrer\" itemprop=\"url\">\n\t\t\t\t<img loading=\"lazy\" decoding=\"async\" src=\"https:\/\/urpspharma.re\/wp-content\/uploads\/2019\/07\/image-vaccin400.png\" alt=\"image vaccin400\" itemprop=\"image\" height=\"268\" width=\"400\" title=\"image vaccin400\"  \/>\n\t\t\t\t<\/a>\n<h3>\n\t\tCovid-19 : Stocks mat\u00e9riels de protection \n\t<\/h3>\n\t<p>Votre URPS vous sollicite en urgence afin d&#8217;identifier les stocks r\u00e9siduels de masques dans chaque officine.<\/p>\n<p>Votre contribution est essentielle dans ce contexte de crise sanitaire, gr\u00e2ce \u00e0 vos r\u00e9ponses un \u00e9tat des lieux permettra de mieux \u00e9valuer la conduite \u00e0 tenir.<\/p>\n\t<p>Enqu\u00eate termin\u00e9e<\/p>\n\t\t\t<a href=\"https:\/\/docs.google.com\/forms\/d\/e\/1FAIpQLSf3G_5vswNRLO0fD2KLq6PtNjdImE1Wz9Y97tgPvj3Z_IQeTw\/viewform\" target=\"_blank\" role=\"button\" rel=\"noopener noreferrer\">\n\t\t\t\t\t\tENQUETE : STOCKS MATERIELS DE PROTECTION de mars 2020\n\t\t\t\t\t<\/a>\n\t\t\t\t<a href=\"https:\/\/drive.google.com\/file\/d\/0BzC3efHGSHDmSG9tN0VIdXJRZndXajA0YXFVazFnRXgtaTJn\/view?usp=sharing\" target=\"_blank\" rel=\"noopener noreferrer\" itemprop=\"url\">\n\t\t\t\t<img loading=\"lazy\" decoding=\"async\" src=\"https:\/\/urpspharma.re\/wp-content\/uploads\/2020\/03\/image-masque.png\" alt=\"image masque\" itemprop=\"image\" height=\"225\" width=\"225\" title=\"image masque\"  \/>\n\t\t\t\t<\/a>\n<h3>\n\t\tCovid-19 : Solidarit\u00e9 du r\u00e9seau officinal \n\t<\/h3>\n\tLa pand\u00e9mie actuelle conduit votre URPS \u00e0 rechercher les moyens possibles pour faciliter \u00a0la mission de sant\u00e9 publique du r\u00e9seau officinal \u00e0 la R\u00e9union. Cela commence par la solidarit\u00e9 entre confr\u00e8res qui est cruciale pour s\u00e9curiser au mieux la population r\u00e9unionnaise.<br \/>\nEn renseignant solidairement ce court formulaire, vous contribuerez \u00e0\n1 &#8211; lister collectivement les fournisseurs en mesure de livrer rapidement nos pharmacies en mati\u00e8res premi\u00e8res n\u00e9cessaires \u00e0 la fabrication des solutions hydro alcooliques (SHA) tant demand\u00e9es \u00e0 nos comptoirs.<br \/>\n2 &#8211; nous signaler vos sujets de pr\u00e9occupation concernant la gestion de cette crise au sein de votre officine.\n\t<p>Enqu\u00eate termin\u00e9e<\/p>\n\t\t\t<a href=\"https:\/\/docs.google.com\/forms\/d\/e\/1FAIpQLScWqNi9HVdcTpHC3AfgWE6KmALFYWCMVyZxfFFtZXi4PcIj6A\/viewform?usp=sf_link\" target=\"_blank\" role=\"button\" rel=\"noopener noreferrer\">\n\t\t\t\t\t\tENQUETE PANDEMIE du mars 2020\n\t\t\t\t\t<\/a>\n\t\t\t\t<a href=\"https:\/\/drive.google.com\/file\/d\/0BzC3efHGSHDmSG9tN0VIdXJRZndXajA0YXFVazFnRXgtaTJn\/view?usp=sharing\" target=\"_blank\" rel=\"noopener noreferrer\" itemprop=\"url\">\n\t\t\t\t<img loading=\"lazy\" decoding=\"async\" src=\"https:\/\/urpspharma.re\/wp-content\/uploads\/2020\/03\/image-gel-hydro.png\" alt=\"image gel hydro\" itemprop=\"image\" height=\"396\" width=\"404\" title=\"image gel hydro\"  \/>\n\t\t\t\t<\/a>\n<h3>\n\t\tArchives enqu\u00eates\n\t<\/h3>\n\t<p>Enqu\u00eates termin\u00e9es<\/p>\n\t\t\t<a href=\"https:\/\/urpspharma.re\/?page_id=3605\" target=\"_blank\" role=\"button\" rel=\"noopener noreferrer\">\n\t\t\t\t\t\tENQUETES 2018\n\t\t\t\t\t<\/a>\n\t\t\t<a href=\"https:\/\/urpspharma.re\/?page_id=3611\" target=\"_blank\" role=\"button\" rel=\"noopener noreferrer\">\n\t\t\t\t\t\tENQUETES 2019\n\t\t\t\t\t<\/a>\n\t\t\t\t<a href=\"https:\/\/drive.google.com\/file\/d\/0BzC3efHGSHDmSG9tN0VIdXJRZndXajA0YXFVazFnRXgtaTJn\/view?usp=sharing\" target=\"_blank\" rel=\"noopener noreferrer\" itemprop=\"url\">\n\t\t\t\t<img decoding=\"async\" src=\"http:\/\/urpspharma.re\/wp-content\/uploads\/2019\/05\/enquete1.png\" alt=\"enquete1\" itemprop=\"image\" title=\"enquete1\"  \/>\n\t\t\t\t<\/a>\n","protected":false},"excerpt":{"rendered":"<p>ENQUETES 2020 Covid-19 : TROD antig\u00e9niques &#8211; Mieux conna\u00eetre votre offre de d\u00e9pistage ou les freins que vous rencontrez Pour mieux \u00e9valuer les ressources du r\u00e9seau officinal en vu du retour des vacanciers et d&#8217;une \u00e9ventuelle reprise \u00e9pid\u00e9mique, dans le cadre de la strat\u00e9gie sanitaire \u00ab Tester \u2013 Alerter \u2013 Prot\u00e9ger \u00bb, votre URPS actualise&hellip;<\/p>\n","protected":false},"author":3,"featured_media":0,"parent":0,"menu_order":0,"comment_status":"closed","ping_status":"closed","template":"","meta":{"footnotes":""},"amp_enabled":true,"_links":{"self":[{"href":"https:\/\/urpspharma.re\/index.php?rest_route=\/wp\/v2\/pages\/2213"}],"collection":[{"href":"https:\/\/urpspharma.re\/index.php?rest_route=\/wp\/v2\/pages"}],"about":[{"href":"https:\/\/urpspharma.re\/index.php?rest_route=\/wp\/v2\/types\/page"}],"author":[{"embeddable":true,"href":"https:\/\/urpspharma.re\/index.php?rest_route=\/wp\/v2\/users\/3"}],"replies":[{"embeddable":true,"href":"https:\/\/urpspharma.re\/index.php?rest_route=%2Fwp%2Fv2%2Fcomments&post=2213"}],"version-history":[{"count":25,"href":"https:\/\/urpspharma.re\/index.php?rest_route=\/wp\/v2\/pages\/2213\/revisions"}],"predecessor-version":[{"id":4266,"href":"https:\/\/urpspharma.re\/index.php?rest_route=\/wp\/v2\/pages\/2213\/revisions\/4266"}],"wp:attachment":[{"href":"https:\/\/urpspharma.re\/index.php?rest_route=%2Fwp%2Fv2%2Fmedia&parent=2213"}],"curies":[{"name":"wp","href":"https:\/\/api.w.org\/{rel}","templated":true}]}}