{"id":23,"date":"2014-08-11T14:39:15","date_gmt":"2014-08-11T10:39:15","guid":{"rendered":"http:\/\/urpspharma.re\/?page_id=23"},"modified":"2024-02-23T11:08:23","modified_gmt":"2024-02-23T07:08:23","slug":"lurps-pharmaciens-en-savoir-plus","status":"publish","type":"page","link":"https:\/\/urpspharma.re\/?page_id=23","title":{"rendered":"Les \u00e9lus de l&#8217;URPS"},"content":{"rendered":"\n<h1>\n\t\tLes \u00e9lus\n\t<\/h1>\n\t<h1>Ses membres<\/h1>\n<p>Cette association est constitu\u00e9e de 6 membres \u00e9lus\u00a0 par l&#8217;ensemble des pharmaciens titulaires conventionn\u00e9s pour un mandat de 5 ans. Cette \u00e9lection s&#8217;est d\u00e9roul\u00e9e \u00e0 la proportionnelle entre les deux syndicats repr\u00e9sentatifs au niveau national. Tous les pharmaciens exer\u00e7ant \u00e0 La R\u00e9union \u00e0 titre lib\u00e9ral dans le r\u00e9gime conventionnel pouvaient participer, par correspondance, au vote.<\/p>\n\t<h2><b>Elus URPS Pharmaciens Ile de la R\u00e9union<\/b><\/h2>\n<p><b>Composition de l&#8217;URPS suite <\/b><b>\u00e0 Assembl\u00e9e G\u00e9n\u00e9rale du vendredi 4 juin 2021\u00a0<\/b><\/p>\n\t<h2><b>Composition du bureau<\/b><\/h2>\n\t<p><img loading=\"lazy\" decoding=\"async\" src=\"https:\/\/urpspharma.re\/wp-content\/uploads\/2021\/05\/M-EL-BEGHDADI-Boubker-238x300.png\" alt=\"\" width=\"238\" height=\"300\" \/><\/p>\n\t<strong>Pr\u00e9sident\u00a0 \u00a0 \u00a0<\/strong><br \/>\n<strong>Monsieur EL BEGHDADI Boubker\u00a0 <\/strong>\n\t<p><img loading=\"lazy\" decoding=\"async\" src=\"https:\/\/urpspharma.re\/wp-content\/uploads\/2021\/05\/MME-LENY-Sabine-238x300.png\" alt=\"\" width=\"238\" height=\"300\" \/><\/p>\n\t<strong>Secr\u00e9taire<\/strong><br \/>\n<strong>Madame LENY Sabine<\/strong>\n\t<p><img loading=\"lazy\" decoding=\"async\" src=\"https:\/\/urpspharma.re\/wp-content\/uploads\/2021\/05\/M-APOSTOLOFF-Cyril-238x300.png\" alt=\"\" width=\"238\" height=\"300\" \/><\/p>\n\t<strong>Tr\u00e9sorier<\/strong><br \/>\n<strong>Cyril APOSTOLOFF<\/strong>\n\t<h2><b>Composition commission de contr\u00f4le<\/b><\/h2>\n\t<p><img loading=\"lazy\" decoding=\"async\" src=\"https:\/\/urpspharma.re\/wp-content\/uploads\/2021\/05\/M-GEIGER-Laurent-235x300.png\" alt=\"\" width=\"235\" height=\"300\" \/><\/p>\n\t<strong>Pr\u00e9sident de la commission de contr\u00f4le<\/strong><br \/>\n<strong>Monsieur GEIGER Laurent<\/strong>\n\t<p><img loading=\"lazy\" decoding=\"async\" src=\"https:\/\/urpspharma.re\/wp-content\/uploads\/2021\/05\/MME-LEBON-Laetitia-238x300.png\" alt=\"\" width=\"238\" height=\"300\" \/><\/p>\n\t<strong>Membre URPS<\/strong><br \/>\n<strong>Madame LEBON La\u00ebtitia<\/strong>\n\t<p><img loading=\"lazy\" decoding=\"async\" src=\"https:\/\/urpspharma.re\/wp-content\/uploads\/2021\/05\/M-LECINA-Thomas-238x300.png\" alt=\"\" width=\"238\" height=\"300\" \/><\/p>\n\t<strong>Membre URPS<\/strong><br \/>\n<strong>Monsieur LECINA Thomas<\/strong>\n\t\t\t<a href=\"https:\/\/urpspharma.re\/?page_id=4441\" target=\"_blank\" rel=\"noopener\">\n\t\t\t\t\t\t\tR\u00e9sultats des \u00e9lections en cliquant ICI\n\t\t\t<\/a>\n\n","protected":false},"excerpt":{"rendered":"<p>Les \u00e9lus Ses membres Cette association est constitu\u00e9e de 6 membres \u00e9lus\u00a0 par l&#8217;ensemble des pharmaciens titulaires conventionn\u00e9s pour un mandat de 5 ans. Cette \u00e9lection s&#8217;est d\u00e9roul\u00e9e \u00e0 la proportionnelle entre les deux syndicats repr\u00e9sentatifs au niveau national. Tous les pharmaciens exer\u00e7ant \u00e0 La R\u00e9union \u00e0 titre lib\u00e9ral dans le r\u00e9gime conventionnel pouvaient participer,&hellip;<\/p>\n","protected":false},"author":3,"featured_media":0,"parent":0,"menu_order":0,"comment_status":"open","ping_status":"closed","template":"","meta":{"footnotes":""},"amp_enabled":true,"_links":{"self":[{"href":"https:\/\/urpspharma.re\/index.php?rest_route=\/wp\/v2\/pages\/23"}],"collection":[{"href":"https:\/\/urpspharma.re\/index.php?rest_route=\/wp\/v2\/pages"}],"about":[{"href":"https:\/\/urpspharma.re\/index.php?rest_route=\/wp\/v2\/types\/page"}],"author":[{"embeddable":true,"href":"https:\/\/urpspharma.re\/index.php?rest_route=\/wp\/v2\/users\/3"}],"replies":[{"embeddable":true,"href":"https:\/\/urpspharma.re\/index.php?rest_route=%2Fwp%2Fv2%2Fcomments&post=23"}],"version-history":[{"count":39,"href":"https:\/\/urpspharma.re\/index.php?rest_route=\/wp\/v2\/pages\/23\/revisions"}],"predecessor-version":[{"id":6286,"href":"https:\/\/urpspharma.re\/index.php?rest_route=\/wp\/v2\/pages\/23\/revisions\/6286"}],"wp:attachment":[{"href":"https:\/\/urpspharma.re\/index.php?rest_route=%2Fwp%2Fv2%2Fmedia&parent=23"}],"curies":[{"name":"wp","href":"https:\/\/api.w.org\/{rel}","templated":true}]}}

Les élus de l&#8217;URPS

<h1>
		Les élus
	</h1>
	<h1>Ses membres</h1>
<p>Cette association est constituée de 6 membres élus  par l&#8217;ensemble des pharmaciens titulaires conventionnés pour un mandat de 5 ans. Cette élection s&#8217;est déroulée à la proportionnelle entre les deux syndicats représentatifs au niveau national. Tous les pharmaciens exerçant à La Réunion à titre libéral dans le régime conventionnel pouvaient participer, par correspondance, au vote.</p>
	<h2><b>Elus URPS Pharmaciens Ile de la Réunion</b></h2>
<p><b>Composition de l&#8217;URPS suite </b><b>à Assemblée Générale du vendredi 4 juin 2021 </b></p>
	<h2><b>Composition du bureau</b></h2>
	<p><img loading="lazy" decoding="async" src="https://urpspharma.re/wp-content/uploads/2021/05/M-EL-BEGHDADI-Boubker-238x300.png" alt="" width="238" height="300" /></p>
	<strong>Président     </strong><br />
<strong>Monsieur EL BEGHDADI Boubker  </strong>
	<p><img loading="lazy" decoding="async" src="https://urpspharma.re/wp-content/uploads/2021/05/MME-LENY-Sabine-238x300.png" alt="" width="238" height="300" /></p>
	<strong>Secrétaire</strong><br />
<strong>Madame LENY Sabine</strong>
	<p><img loading="lazy" decoding="async" src="https://urpspharma.re/wp-content/uploads/2021/05/M-APOSTOLOFF-Cyril-238x300.png" alt="" width="238" height="300" /></p>
	<strong>Trésorier</strong><br />
<strong>Cyril APOSTOLOFF</strong>
	<h2><b>Composition commission de contrôle</b></h2>
	<p><img loading="lazy" decoding="async" src="https://urpspharma.re/wp-content/uploads/2021/05/M-GEIGER-Laurent-235x300.png" alt="" width="235" height="300" /></p>
	<strong>Président de la commission de contrôle</strong><br />
<strong>Monsieur GEIGER Laurent</strong>
	<p><img loading="lazy" decoding="async" src="https://urpspharma.re/wp-content/uploads/2021/05/MME-LEBON-Laetitia-238x300.png" alt="" width="238" height="300" /></p>
	<strong>Membre URPS</strong><br />
<strong>Madame LEBON Laëtitia</strong>
	<p><img loading="lazy" decoding="async" src="https://urpspharma.re/wp-content/uploads/2021/05/M-LECINA-Thomas-238x300.png" alt="" width="238" height="300" /></p>
	<strong>Membre URPS</strong><br />
<strong>Monsieur LECINA Thomas</strong>
			<a href="https://urpspharma.re/?page_id=4441" target="_blank" rel="noopener">
							Résultats des élections en cliquant ICI
			</a>

<p>Les élus Ses membres Cette association est constituée de 6 membres élus  par l&#8217;ensemble des pharmaciens titulaires conventionnés pour un mandat de 5 ans. Cette élection s&#8217;est déroulée à la proportionnelle entre les deux syndicats représentatifs au niveau national. Tous les pharmaciens exerçant à La Réunion à titre libéral dans le régime conventionnel pouvaient participer,&hellip;</p>
