{"id":282,"date":"2014-11-20T19:14:13","date_gmt":"2014-11-20T15:14:13","guid":{"rendered":"http:\/\/urpspharma.re\/?page_id=282"},"modified":"2020-09-29T14:28:51","modified_gmt":"2020-09-29T10:28:51","slug":"mot-de-passe","status":"publish","type":"page","link":"https:\/\/urpspharma.re\/?page_id=282","title":{"rendered":"Les circulaires sant\u00e9"},"content":{"rendered":"\n\t<p>Le dossier Circulaires contient des informations destin\u00e9s uniquement aux pharmaciens de La R\u00e9union. Pour y acc\u00e9der, adressez un mail \u00e0 urpspharma974@gmail.com qui vous fournira en retour le mot de passe.<\/p>\n<h3><a title=\"Les circulaires sant\u00e9  (demandez votre mot de passe \u00e0 urpspharma974@gmail.com)\" href=\"http:\/\/urpspharma.re\/?page_id=182\">Acc\u00e9der aux circulaires<\/a><\/h3>\n","protected":false},"excerpt":{"rendered":"<p>Le dossier Circulaires contient des informations destin\u00e9s uniquement aux pharmaciens de La R\u00e9union. Pour y acc\u00e9der, adressez un mail \u00e0 urpspharma974@gmail.com qui vous fournira en retour le mot de passe. Acc\u00e9der aux circulaires<\/p>\n","protected":false},"author":3,"featured_media":0,"parent":0,"menu_order":0,"comment_status":"open","ping_status":"open","template":"","meta":{"footnotes":""},"amp_enabled":true,"_links":{"self":[{"href":"https:\/\/urpspharma.re\/index.php?rest_route=\/wp\/v2\/pages\/282"}],"collection":[{"href":"https:\/\/urpspharma.re\/index.php?rest_route=\/wp\/v2\/pages"}],"about":[{"href":"https:\/\/urpspharma.re\/index.php?rest_route=\/wp\/v2\/types\/page"}],"author":[{"embeddable":true,"href":"https:\/\/urpspharma.re\/index.php?rest_route=\/wp\/v2\/users\/3"}],"replies":[{"embeddable":true,"href":"https:\/\/urpspharma.re\/index.php?rest_route=%2Fwp%2Fv2%2Fcomments&post=282"}],"version-history":[{"count":4,"href":"https:\/\/urpspharma.re\/index.php?rest_route=\/wp\/v2\/pages\/282\/revisions"}],"predecessor-version":[{"id":3773,"href":"https:\/\/urpspharma.re\/index.php?rest_route=\/wp\/v2\/pages\/282\/revisions\/3773"}],"wp:attachment":[{"href":"https:\/\/urpspharma.re\/index.php?rest_route=%2Fwp%2Fv2%2Fmedia&parent=282"}],"curies":[{"name":"wp","href":"https:\/\/api.w.org\/{rel}","templated":true}]}}