{"id":3345,"date":"2020-03-05T15:27:10","date_gmt":"2020-03-05T11:27:10","guid":{"rendered":"https:\/\/urpspharma.re\/?page_id=3345"},"modified":"2023-09-13T18:00:30","modified_gmt":"2023-09-13T14:00:30","slug":"formations-2","status":"publish","type":"page","link":"https:\/\/urpspharma.re\/?page_id=3345","title":{"rendered":"FORMATIONS TEST ANTIGENIQUE"},"content":{"rendered":"<h1>\n\t\tFORMATIONS REPERTORIEES &#8211; TEST ANTIGENIQUE\n\t<\/h1>\n\t<p>Votre URPS a identif\u00e9 les formations ci-apr\u00e8s. Merci de nous signaler tout autre organisme pour compl\u00e9ter cette liste \u00e0 <a href=\"mailto:contac@urpspharma.re\" target=\"_blank\" rel=\"noopener noreferrer\">contac@urpspharma.re<\/a><\/p>\n<h1>\n\t\tORLAND\n\t<\/h1>\n\t<p><strong>\u25baDur\u00e9e<\/strong> :\u00a0<\/p>\n<ul>\n<li>3 heures de e-learning<\/li>\n<li>3 heures de pr\u00e9sentiel<\/li>\n<\/ul>\n<p><strong>Attention : \u00e9quipement obligatoire \u00e0 amener lors de la formation :<\/strong><\/p>\n<ul>\n<li><strong>masque FFP2, <\/strong><\/li>\n<li><strong>charlotte, blouse <\/strong><\/li>\n<li><strong>gants<\/strong><\/li>\n<li><strong>un test antig\u00e9nique pour la pratique (obligatoire) et l\u2019assimilation du geste<\/strong><\/li>\n<\/ul>\n<p>\u25baPrises en charge ANDPC, OPCOEP ET FIF PL<\/p>\n<p>\u25baProfils : pharmaciens et pr\u00e9parateurs en pharmacie<\/p>\n<p>Utilisation de simulateur\u00a0:\u00a0<a href=\"https:\/\/bone3d.com\/content\/themes\/cerbere-themosis\/dist\/objects\/motion-rhino.mp4\" data-saferedirecturl=\"https:\/\/www.google.com\/url?q=https:\/\/bone3d.com\/content\/themes\/cerbere-themosis\/dist\/objects\/motion-rhino.mp4&amp;source=gmail&amp;ust=1607060108726000&amp;usg=AFQjCNEsc8S77cVkcWK2CukdJlN_pLORNg\">https:\/\/bone3d.com\/content\/themes\/cerbere-themosis\/dist\/objects\/motion-rhino.mp4<\/a><\/p>\n<h3><strong>DATES PRESENTIELLES &#8211; 19h30 \u00e0 22h30<\/strong><\/h3>\n<p><strong>\u25baLe vendredi 11 d\u00e9cembre 2020 \u00e0 Saint-Denis\u00a0<\/strong><\/p>\n<p><strong>H\u00f4tel Mercure Cr\u00e9olia<\/strong> (<a href=\"https:\/\/www.google.com\/maps\/place\/Hotel+Mercure+Cr%C3%A9olia+Saint-Denis+La+R%C3%A9union\/@-20.9008778,55.4678417,15z\/data=!4m8!3m7!1s0x0:0x5715b67df1ee278c!5m2!4m1!1i2!8m2!3d-20.9008778!4d55.4678417\" target=\"_blank\" rel=\"noopener noreferrer\">plan d&#8217;acc\u00e8s<\/a>)<\/p>\n<p>&nbsp;<\/p>\n<p><strong>\u25baLe mardi 15 d\u00e9cembre 2020 \u00e0 La Saline les Bains<\/strong><\/p>\n<p><strong>H\u00f4tel Dina Morgabine<\/strong> (<a href=\"https:\/\/www.google.com\/maps\/place\/H%C3%B4tel+Dina+Morgabine\/@-21.0862151,55.2377588,16.06z\/data=!4m8!3m7!1s0x0:0x681672ddd578d925!5m2!4m1!1i2!8m2!3d-21.087295!4d55.238359\" target=\"_blank\" rel=\"noopener noreferrer\">plan d&#8217;acc\u00e8s<\/a>)<\/p>\n\t\t\t<a href=\"https:\/\/drive.google.com\/file\/d\/1NKK_aeAK9O3zE-ot7qFZ_RgUyaBexwvP\/view?usp=sharing\" target=\"_blank\" role=\"button\" rel=\"noopener noreferrer\">\n\t\t\t\t\t\tModalit\u00e9s et bulletin de participation\n\t\t\t\t\t<\/a>\n\t\t\t<a href=\"https:\/\/drive.google.com\/file\/d\/1_-VzfGBko8itH-2zAx6FMHg5M69loPML\/view?usp=sharing\" target=\"_blank\" role=\"button\" rel=\"noopener noreferrer\">\n\t\t\t\t\t\tPROGRAMME\n\t\t\t\t\t<\/a>\n\t<p><strong>Places limit\u00e9es \u00e0 12 participants par soir\u00e9e<\/strong><\/p>\n<p><strong>Bulletin de participation \u00e0 retourner <\/strong><strong>par fax: 04 30 65 07 15 ou par mail \u00e0 <a href=\"mailto:admin@orland.fr\" target=\"_blank\" rel=\"noopener noreferrer\">admin@orland.fr<\/a><\/strong><\/p>\n<p>Vous recevrez, d\u00e8s r\u00e9ception, une confirmation d\u2019inscription comprenant<\/p>\n<ul>\n<li>Un rappel des dates, lieux, horaires<\/li>\n<li>les identifiants pour le e-learning<\/li>\n<li>les modalit\u00e9s de financements(ANDPC, OPCOEP&#8230; ) de votre action.<\/li>\n<\/ul>\n\t<p><a href=\"https:\/\/drive.google.com\/file\/d\/1_-VzfGBko8itH-2zAx6FMHg5M69loPML\/view?usp=sharing\"><img loading=\"lazy\" decoding=\"async\" src=\"https:\/\/urpspharma.re\/wp-content\/uploads\/2020\/12\/ORLAND_PROG-TAG-COVID-19-2020.png\" alt=\"\" width=\"315\" height=\"450\" \/><\/a><\/p>\n<h1>\n\t\tEDUPRAT\n\t<\/h1>\n\t<p><strong>\u25baDur\u00e9e<\/strong>\u00a0: 3 heures<\/p>\n<p>\u25baTarif : 105 \u20ac par participant (Prises en charge OPCOEP uniquement pour les salari\u00e9s)<\/p>\n<p>\u25baProfils : Docteurs en pharmacie \/ Pr\u00e9parateurs en pharmacie<\/p>\n<p>&nbsp;<\/p>\n<p><strong>\u25baLe mardi 15 d\u00e9cembre 2020 \u00e0 PHARMAR<\/strong><\/p>\n<p><strong>9 Rue Gustave Eiffel &#8211; 97419 LA POSSESSION<\/strong> (<a href=\"https:\/\/www.google.com\/maps\/place\/Hotel+Mercure+Cr%C3%A9olia+Saint-Denis+La+R%C3%A9union\/@-20.9008778,55.4678417,15z\/data=!4m8!3m7!1s0x0:0x5715b67df1ee278c!5m2!4m1!1i2!8m2!3d-20.9008778!4d55.4678417\" target=\"_blank\" rel=\"noopener noreferrer\">plan d&#8217;acc\u00e8s<\/a>)<\/p>\n<p><strong>Horaires<\/strong>\u00a0:<\/p>\n<p>&#8211; 1<sup>\u00e8re<\/sup>\u00a0session\u00a0: 09h \u2013 12h (<strong>11 places disponibles<\/strong>)<\/p>\n<p>&#8211; 2<sup>\u00e8me<\/sup>\u00a0session\u00a0: 14h \u2013 17h \u00a0(<strong>16 places disponibles<\/strong>)<\/p>\n<p><em>Cl\u00f4ture des inscriptions au vendredi 11 d\u00e9cembre<\/em><\/p>\n\t\t\t<a href=\"https:\/\/drive.google.com\/file\/d\/1oV_yo5NdN7yHHaZsDayPNJLPjCwl2xfy\/view?usp=sharing\" target=\"_blank\" role=\"button\" rel=\"noopener noreferrer\">\n\t\t\t\t\t\tProgramme et bulletin de participation\n\t\t\t\t\t<\/a>\n\t<p><strong>Bulletin \u00e0 retourner par mail \u00e0 <a href=\"mailto:pharmacie@eduprat.fr\" target=\"_blank\" rel=\"noopener noreferrer\">pharmacie@eduprat.fr<\/a><\/strong><\/p>\n<p><strong>Pour plus d\u2019informations contacter le<\/strong><\/p>\n<p><strong>04 84 47 06 15<\/strong><\/p>\n\t<p><a href=\"https:\/\/drive.google.com\/file\/d\/1oV_yo5NdN7yHHaZsDayPNJLPjCwl2xfy\/view?usp=sharing\"><img loading=\"lazy\" decoding=\"async\" src=\"https:\/\/urpspharma.re\/wp-content\/uploads\/2020\/12\/EDUPRAT_COVID-trod-antig\u00e9niques_151220.png\" alt=\"\" width=\"277\" height=\"393\" \/><\/a><\/p>\n<h1>\n\t\tOSPHARM\n\t<\/h1>\n\t<p><strong>\u25baDur\u00e9e<\/strong> : 1 heure environ a\u0300 re\u0301aliser en 1 mois maximum<\/p>\n<p>\u25baTarif : 39\u20ac par participant (pas de prise en charge possible)<\/p>\n<p>\u25baProfils : Pharmaciens titulaires &#8211; Pharmaciens adjoints &#8211; Pr\u00e9parateur en pharmacie &#8211; Etudiant en pharmacie (ayant valid\u00e9 la 1\u00e8re ann\u00e9e)<\/p>\n\t<p>A r\u00e9ception de ce formulaire, Ospharm Formation vous recontactera et vous enverra tous les documents n\u00e9cessaires \u00e0 votre inscription. Celle-ci sera effective \u00e0 compter de la r\u00e9ception par Ospharm Formation de la convention de formation d\u00fbment remplie, sign\u00e9e et tamponn\u00e9e.<\/p>\n\t\t\t<a href=\"https:\/\/drive.google.com\/file\/d\/1A2HDtzvRBy98UoSUdvUTDCuUfy-8FBvz\/view?usp=sharing\" target=\"_blank\" role=\"button\" rel=\"noopener noreferrer\">\n\t\t\t\t\t\tProgramme et inscription\n\t\t\t\t\t<\/a>\n\t\t\t<a href=\"http:\/\/www.ospharm.com\/les-produits\/ospharm-formation\/planning-formation\/planning-formation-e-learning-test-nasopharynge-covid-a-lofficine\/\" target=\"_blank\" role=\"button\" rel=\"noopener noreferrer\">\n\t\t\t\t\t\tInscription en ligne\n\t\t\t\t\t<\/a>\n\t<p><a href=\"https:\/\/drive.google.com\/file\/d\/1A2HDtzvRBy98UoSUdvUTDCuUfy-8FBvz\/view?usp=sharing\"><img loading=\"lazy\" decoding=\"async\" src=\"https:\/\/urpspharma.re\/wp-content\/uploads\/2020\/12\/OSPHARM-programme-inscription.png\" alt=\"\" width=\"281\" height=\"396\" \/><\/a><\/p>\n<h1>\n\t\tUTIP\n\t<\/h1>\n\t<p>Propose \u00e9galement une formation en e-learning (gratuit pour ses adh\u00e9rents ou ceux de la FSPF) renseignement \u00e0 <a href=\"mailto:utip@utip.fr\" target=\"_blank\" rel=\"noopener noreferrer\">utip@utip.fr<\/a><\/p>\n<h1>\n\t\tCHU NORD ET SUD REUNION\n\t<\/h1>\n\t<p><strong>Aucune nouvelle session programm\u00e9e pour le moment. Nous vous tiendrons inform\u00e9s d\u00e8s que de nouvelles dates seront propos\u00e9es pour la formation au pr\u00e9l\u00e8vement nasopharyng\u00e9.<\/strong><\/p>\n\tA la demande des URPS les CHU NORD et SUD proposent \u00e0 tous les volontaires pharmaciens ou infirmiers une formation courte (environ 1h).\u00a0\n\u25baR\u00e9aliser\u00a0un TROD antig\u00e9nique<br \/>\n\u25baInterpr\u00e9ter\u00a0et\u00a0communiquer au patient le r\u00e9sultat obtenu\nUne attestation individuelle de formation justifiant votre nouvelle comp\u00e9tence sera d\u00e9livr\u00e9e.\n","protected":false},"excerpt":{"rendered":"<p>FORMATIONS REPERTORIEES &#8211; TEST ANTIGENIQUE Votre URPS a identif\u00e9 les formations ci-apr\u00e8s. Merci de nous signaler tout autre organisme pour compl\u00e9ter cette liste \u00e0 contac@urpspharma.re ORLAND \u25baDur\u00e9e :\u00a0 3 heures de e-learning 3 heures de pr\u00e9sentiel Attention : \u00e9quipement obligatoire \u00e0 amener lors de la formation : masque FFP2, charlotte, blouse gants un test antig\u00e9nique&hellip;<\/p>\n","protected":false},"author":3,"featured_media":0,"parent":0,"menu_order":0,"comment_status":"closed","ping_status":"closed","template":"","meta":{"footnotes":""},"amp_enabled":true,"_links":{"self":[{"href":"https:\/\/urpspharma.re\/index.php?rest_route=\/wp\/v2\/pages\/3345"}],"collection":[{"href":"https:\/\/urpspharma.re\/index.php?rest_route=\/wp\/v2\/pages"}],"about":[{"href":"https:\/\/urpspharma.re\/index.php?rest_route=\/wp\/v2\/types\/page"}],"author":[{"embeddable":true,"href":"https:\/\/urpspharma.re\/index.php?rest_route=\/wp\/v2\/users\/3"}],"replies":[{"embeddable":true,"href":"https:\/\/urpspharma.re\/index.php?rest_route=%2Fwp%2Fv2%2Fcomments&post=3345"}],"version-history":[{"count":18,"href":"https:\/\/urpspharma.re\/index.php?rest_route=\/wp\/v2\/pages\/3345\/revisions"}],"predecessor-version":[{"id":5862,"href":"https:\/\/urpspharma.re\/index.php?rest_route=\/wp\/v2\/pages\/3345\/revisions\/5862"}],"wp:attachment":[{"href":"https:\/\/urpspharma.re\/index.php?rest_route=%2Fwp%2Fv2%2Fmedia&parent=3345"}],"curies":[{"name":"wp","href":"https:\/\/api.w.org\/{rel}","templated":true}]}}

<h1>
		FORMATIONS REPERTORIEES &#8211; TEST ANTIGENIQUE
	</h1>
	<p>Votre URPS a identifé les formations ci-après. Merci de nous signaler tout autre organisme pour compléter cette liste à <a href="mailto:contac@urpspharma.re" target="_blank" rel="noopener noreferrer">contac@urpspharma.re</a></p>
<h1>
		ORLAND
	</h1>
	<p><strong>►Durée</strong> : </p>
<ul>
<li>3 heures de e-learning</li>
<li>3 heures de présentiel</li>
</ul>
<p><strong>Attention : équipement obligatoire à amener lors de la formation :</strong></p>
<ul>
<li><strong>masque FFP2, </strong></li>
<li><strong>charlotte, blouse </strong></li>
<li><strong>gants</strong></li>
<li><strong>un test antigénique pour la pratique (obligatoire) et l’assimilation du geste</strong></li>
</ul>
<p>►Prises en charge ANDPC, OPCOEP ET FIF PL</p>
<p>►Profils : pharmaciens et préparateurs en pharmacie</p>
<p>Utilisation de simulateur : <a href="https://bone3d.com/content/themes/cerbere-themosis/dist/objects/motion-rhino.mp4" data-saferedirecturl="https://www.google.com/url?q=https://bone3d.com/content/themes/cerbere-themosis/dist/objects/motion-rhino.mp4&amp;source=gmail&amp;ust=1607060108726000&amp;usg=AFQjCNEsc8S77cVkcWK2CukdJlN_pLORNg">https://bone3d.com/content/themes/cerbere-themosis/dist/objects/motion-rhino.mp4</a></p>
<h3><strong>DATES PRESENTIELLES &#8211; 19h30 à 22h30</strong></h3>
<p><strong>►Le vendredi 11 décembre 2020 à Saint-Denis </strong></p>
<p><strong>Hôtel Mercure Créolia</strong> (<a href="https://www.google.com/maps/place/Hotel+Mercure+Cr%C3%A9olia+Saint-Denis+La+R%C3%A9union/@-20.9008778,55.4678417,15z/data=!4m8!3m7!1s0x0:0x5715b67df1ee278c!5m2!4m1!1i2!8m2!3d-20.9008778!4d55.4678417" target="_blank" rel="noopener noreferrer">plan d&#8217;accès</a>)</p>
<p>&nbsp;</p>
<p><strong>►Le mardi 15 décembre 2020 à La Saline les Bains</strong></p>
<p><strong>Hôtel Dina Morgabine</strong> (<a href="https://www.google.com/maps/place/H%C3%B4tel+Dina+Morgabine/@-21.0862151,55.2377588,16.06z/data=!4m8!3m7!1s0x0:0x681672ddd578d925!5m2!4m1!1i2!8m2!3d-21.087295!4d55.238359" target="_blank" rel="noopener noreferrer">plan d&#8217;accès</a>)</p>
			<a href="https://drive.google.com/file/d/1NKK_aeAK9O3zE-ot7qFZ_RgUyaBexwvP/view?usp=sharing" target="_blank" role="button" rel="noopener noreferrer">
						Modalités et bulletin de participation
					</a>
			<a href="https://drive.google.com/file/d/1_-VzfGBko8itH-2zAx6FMHg5M69loPML/view?usp=sharing" target="_blank" role="button" rel="noopener noreferrer">
						PROGRAMME
					</a>
	<p><strong>Places limitées à 12 participants par soirée</strong></p>
<p><strong>Bulletin de participation à retourner </strong><strong>par fax: 04 30 65 07 15 ou par mail à <a href="mailto:admin@orland.fr" target="_blank" rel="noopener noreferrer">admin@orland.fr</a></strong></p>
<p>Vous recevrez, dès réception, une confirmation d’inscription comprenant</p>
<ul>
<li>Un rappel des dates, lieux, horaires</li>
<li>les identifiants pour le e-learning</li>
<li>les modalités de financements(ANDPC, OPCOEP&#8230; ) de votre action.</li>
</ul>
	<p><a href="https://drive.google.com/file/d/1_-VzfGBko8itH-2zAx6FMHg5M69loPML/view?usp=sharing"><img loading="lazy" decoding="async" src="https://urpspharma.re/wp-content/uploads/2020/12/ORLAND_PROG-TAG-COVID-19-2020.png" alt="" width="315" height="450" /></a></p>
<h1>
		EDUPRAT
	</h1>
	<p><strong>►Durée</strong> : 3 heures</p>
<p>►Tarif : 105 € par participant (Prises en charge OPCOEP uniquement pour les salariés)</p>
<p>►Profils : Docteurs en pharmacie / Préparateurs en pharmacie</p>
<p>&nbsp;</p>
<p><strong>►Le mardi 15 décembre 2020 à PHARMAR</strong></p>
<p><strong>9 Rue Gustave Eiffel &#8211; 97419 LA POSSESSION</strong> (<a href="https://www.google.com/maps/place/Hotel+Mercure+Cr%C3%A9olia+Saint-Denis+La+R%C3%A9union/@-20.9008778,55.4678417,15z/data=!4m8!3m7!1s0x0:0x5715b67df1ee278c!5m2!4m1!1i2!8m2!3d-20.9008778!4d55.4678417" target="_blank" rel="noopener noreferrer">plan d&#8217;accès</a>)</p>
<p><strong>Horaires</strong> :</p>
<p>&#8211; 1<sup>ère</sup> session : 09h – 12h (<strong>11 places disponibles</strong>)</p>
<p>&#8211; 2<sup>ème</sup> session : 14h – 17h  (<strong>16 places disponibles</strong>)</p>
<p><em>Clôture des inscriptions au vendredi 11 décembre</em></p>
			<a href="https://drive.google.com/file/d/1oV_yo5NdN7yHHaZsDayPNJLPjCwl2xfy/view?usp=sharing" target="_blank" role="button" rel="noopener noreferrer">
						Programme et bulletin de participation
					</a>
	<p><strong>Bulletin à retourner par mail à <a href="mailto:pharmacie@eduprat.fr" target="_blank" rel="noopener noreferrer">pharmacie@eduprat.fr</a></strong></p>
<p><strong>Pour plus d’informations contacter le</strong></p>
<p><strong>04 84 47 06 15</strong></p>
	<p><a href="https://drive.google.com/file/d/1oV_yo5NdN7yHHaZsDayPNJLPjCwl2xfy/view?usp=sharing"><img loading="lazy" decoding="async" src="https://urpspharma.re/wp-content/uploads/2020/12/EDUPRAT_COVID-trod-antigéniques_151220.png" alt="" width="277" height="393" /></a></p>
<h1>
		OSPHARM
	</h1>
	<p><strong>►Durée</strong> : 1 heure environ à réaliser en 1 mois maximum</p>
<p>►Tarif : 39€ par participant (pas de prise en charge possible)</p>
<p>►Profils : Pharmaciens titulaires &#8211; Pharmaciens adjoints &#8211; Préparateur en pharmacie &#8211; Etudiant en pharmacie (ayant validé la 1ère année)</p>
	<p>A réception de ce formulaire, Ospharm Formation vous recontactera et vous enverra tous les documents nécessaires à votre inscription. Celle-ci sera effective à compter de la réception par Ospharm Formation de la convention de formation dûment remplie, signée et tamponnée.</p>
			<a href="https://drive.google.com/file/d/1A2HDtzvRBy98UoSUdvUTDCuUfy-8FBvz/view?usp=sharing" target="_blank" role="button" rel="noopener noreferrer">
						Programme et inscription
					</a>
			<a href="http://www.ospharm.com/les-produits/ospharm-formation/planning-formation/planning-formation-e-learning-test-nasopharynge-covid-a-lofficine/" target="_blank" role="button" rel="noopener noreferrer">
						Inscription en ligne
					</a>
	<p><a href="https://drive.google.com/file/d/1A2HDtzvRBy98UoSUdvUTDCuUfy-8FBvz/view?usp=sharing"><img loading="lazy" decoding="async" src="https://urpspharma.re/wp-content/uploads/2020/12/OSPHARM-programme-inscription.png" alt="" width="281" height="396" /></a></p>
<h1>
		UTIP
	</h1>
	<p>Propose également une formation en e-learning (gratuit pour ses adhérents ou ceux de la FSPF) renseignement à <a href="mailto:utip@utip.fr" target="_blank" rel="noopener noreferrer">utip@utip.fr</a></p>
<h1>
		CHU NORD ET SUD REUNION
	</h1>
	<p><strong>Aucune nouvelle session programmée pour le moment. Nous vous tiendrons informés dès que de nouvelles dates seront proposées pour la formation au prélèvement nasopharyngé.</strong></p>
	A la demande des URPS les CHU NORD et SUD proposent à tous les volontaires pharmaciens ou infirmiers une formation courte (environ 1h). 
►Réaliser un TROD antigénique<br />
►Interpréter et communiquer au patient le résultat obtenu
Une attestation individuelle de formation justifiant votre nouvelle compétence sera délivrée.

<p>FORMATIONS REPERTORIEES &#8211; TEST ANTIGENIQUE Votre URPS a identifé les formations ci-après. Merci de nous signaler tout autre organisme pour compléter cette liste à contac@urpspharma.re ORLAND ►Durée :  3 heures de e-learning 3 heures de présentiel Attention : équipement obligatoire à amener lors de la formation : masque FFP2, charlotte, blouse gants un test antigénique&hellip;</p>
