{"id":3571,"date":"2020-08-20T13:56:47","date_gmt":"2020-08-20T09:56:47","guid":{"rendered":"https:\/\/urpspharma.re\/?page_id=3571"},"modified":"2023-09-15T10:19:48","modified_gmt":"2023-09-15T06:19:48","slug":"action-covid-19-pca-plan-de-continuite-dactivite","status":"publish","type":"page","link":"https:\/\/urpspharma.re\/?page_id=3571","title":{"rendered":"Action : Covid-19 &#8211; PCA (Plan de Continuit\u00e9 d&#8217;Activit\u00e9)"},"content":{"rendered":"<h1>\n\t\tPlan de Continuit\u00e9 d&#8217;Activit\u00e9 en officine &#8211; PCA\n\t<\/h1>\n\t\t\t\t<img loading=\"lazy\" decoding=\"async\" src=\"https:\/\/urpspharma.re\/wp-content\/uploads\/2020\/03\/bandeau-coronavirus.png\" alt=\"bandeau coronavirus\" itemprop=\"image\" height=\"100\" width=\"600\" title=\"bandeau coronavirus\"  \/>\n\tDans ce contexte de crise sanitaire, la profession unie a list\u00e9 des pr\u00e9conisations afin de vous aider \u00e0 \u00e9laborer votre plan de continuit\u00e9 d&#8217;activit\u00e9. Elles ne vous sont communiqu\u00e9es qu&#8217;\u00e0 titre indicatif et de conseils car chaque titulaire est personnellement responsable de l&#8217;organisation de son \u00e9quipe officinale au quotidien, dans le respect des r\u00e8gles de l&#8217;art.\nNos officines se doivent toutefois de prendre en compte des mesures adapt\u00e9es face \u00e0 cette crise sanitaire exceptionnelle.\nNos d\u00e9cisions quotidiennes doivent \u00eatre prises tant en fonction de nos situations particuli\u00e8res que dans l&#8217;int\u00e9r\u00eat collectif. Cela passe par une utilisation raisonn\u00e9e des ressources disponibles (pour pr\u00e9server la disponibilit\u00e9 des stocks n\u00e9cessaires en chaque point de notre territoire par exemple).\nNous comptons sur vos contributions pour am\u00e9liorer cette premi\u00e8re version de nos pr\u00e9conisations PCA Covid-19.\n<strong>Les points abord\u00e9s sont les suivants :<\/strong>\n01 &#8211; T\u00e9l\u00e9consultations et transmission des ordonnances<br \/>\n02 &#8211; Gestion et traitement des ordonnances<br \/>\n03 &#8211; Mode d\u2019accueil et sch\u00e9ma organisationnel \u00e0 adapter \u00e0 votre officine<br \/>\n04 &#8211; Livraison \u00e0 domicile des m\u00e9dicaments<br \/>\n05 &#8211; Conduite \u00e0 tenir si membre de l\u2019\u00e9quipe symptomatique ou Covid+<br \/>\n06 &#8211; Service de gardes et d&#8217;urgences<br \/>\n07 &#8211; Liens utiles\n<strong>Le plan de continuit\u00e9 vous est propos\u00e9 en deux versions soit une :<\/strong>\n1) Version consultable en ligne qui permet de visualiser \u00e0 tout moment les mises \u00e0 jour r\u00e9guli\u00e8res.\n2) Version t\u00e9l\u00e9chargeable en PDF (sans mise \u00e0 jour possible)\nVous pouvez transmettre vos suggestions d&#8217;am\u00e9lioration par mail \u00e0 :\u00a0<a href=\"mailto:contact@urpspharma.re\" target=\"_blank\" rel=\"noopener noreferrer\">contact@urpspharma.re<\/a>\n\t\t\t\t<a href=\"https:\/\/drive.google.com\/file\/d\/1MS1vS88XrJy_UGC1AO4BoUr4Wcjum-e4\/view?usp=sharing\" target=\"_blank\" rel=\"noopener noreferrer\" itemprop=\"url\">\n\t\t\t\t<img loading=\"lazy\" decoding=\"async\" src=\"https:\/\/urpspharma.re\/wp-content\/uploads\/2020\/04\/PCA_version1_010420.png\" alt=\"PCA_version1_010420\" itemprop=\"image\" height=\"803\" width=\"649\" title=\"PCA_version1_010420\"  \/>\n\t\t\t\t<\/a>\n\t\t\t<a href=\"https:\/\/drive.google.com\/file\/d\/1MS1vS88XrJy_UGC1AO4BoUr4Wcjum-e4\/view?usp=sharing\" target=\"_blank\" role=\"button\" rel=\"noopener noreferrer\">\n\t\t\t\t\t\tCliquez ICI : t\u00e9l\u00e9chargement du PCA\n\t\t\t\t\t<\/a>\n\t\t\t<a href=\"https:\/\/docs.google.com\/document\/d\/14cKmEJwVuWVyecNKbSselv5D5N6NuM6LIqVGQlTQqWM\/edit?usp=sharing\" target=\"_blank\" role=\"button\" rel=\"noopener noreferrer\">\n\t\t\t\t\t\tCliquez ICI : en ligne PCA\n\t\t\t\t\t<\/a>\n<h1>\n\t\tCONSEILS PRATIQUES\n\t<\/h1>\n\t\t\t<a href=\"https:\/\/drive.google.com\/file\/d\/14xyh9d3bhq9MiZh_wHC-Z74CRyLyHWtC\/view?usp=sharing\" target=\"_blank\" role=\"button\" rel=\"noopener noreferrer\">\n\t\t\t\t\t\tCliquez ICI : t\u00e9l\u00e9chargement Conseils pratiques aux pharmaciens (24\/03\/20)\n\t\t\t\t\t<\/a>\n<h1>\n\t\tNUMEROS UTILES\n\t<\/h1>\n\t\t\t<a href=\"https:\/\/drive.google.com\/file\/d\/1oaX5Z2l5PqS5dGfN8P2qRrQoJWEFatM8\/view?usp=sharing\" target=\"_blank\" role=\"button\" rel=\"noopener noreferrer\">\n\t\t\t\t\t\tCliquez ICI : t\u00e9l\u00e9chargement des num\u00e9ros utiles La R\u00e9union\n\t\t\t\t\t<\/a>\n\t\t\t\t<a href=\"https:\/\/drive.google.com\/file\/d\/1oaX5Z2l5PqS5dGfN8P2qRrQoJWEFatM8\/view?usp=sharing\" target=\"_blank\" rel=\"noopener noreferrer\" itemprop=\"url\">\n\t\t\t\t<img loading=\"lazy\" decoding=\"async\" src=\"https:\/\/urpspharma.re\/wp-content\/uploads\/2020\/04\/image-liens-utiles-r\u00e9gional.png\" alt=\"image liens utiles r\u00e9gional\" itemprop=\"image\" height=\"552\" width=\"788\" title=\"image liens utiles r\u00e9gional\"  \/>\n\t\t\t\t<\/a>\n<h1>\n\t\tLIENS UTILES\n\t<\/h1>\n\t<p>Site : ARS de La R\u00e9union en <a href=\"https:\/\/urpspharma.us8.list-manage.com\/track\/click?u=07e1c2e988d75c3f3beefa643&amp;id=278f7d676f&amp;e=6902c74b14\" target=\"_blank\" rel=\"noopener noreferrer\" data-saferedirecturl=\"https:\/\/www.google.com\/url?q=https:\/\/urpspharma.us8.list-manage.com\/track\/click?u%3D07e1c2e988d75c3f3beefa643%26id%3D278f7d676f%26e%3D6902c74b14&amp;source=gmail&amp;ust=1586601213081000&amp;usg=AFQjCNF3zxfJreXW-iSZHF7oQftl7UzTiA\">cliquant ICI<\/a><\/p>\n<p>Site : Les services de l&#8217;Etat de La R\u00e9union en\u00a0<a href=\"https:\/\/urpspharma.us8.list-manage.com\/track\/click?u=07e1c2e988d75c3f3beefa643&amp;id=083bca479e&amp;e=6902c74b14\" target=\"_blank\" rel=\"noopener noreferrer\" data-saferedirecturl=\"https:\/\/www.google.com\/url?q=https:\/\/urpspharma.us8.list-manage.com\/track\/click?u%3D07e1c2e988d75c3f3beefa643%26id%3D083bca479e%26e%3D6902c74b14&amp;source=gmail&amp;ust=1586601213081000&amp;usg=AFQjCNHSov2r3F7yfb2GndbIwR6KCzz7iA\">cliquant ICI<\/a><\/p>\n<p>Site : Ordre National des Pharmaciens : Foire aux questions &#8211; Pharmaciens d&#8217;officine en\u00a0<a href=\"https:\/\/urpspharma.us8.list-manage.com\/track\/click?u=07e1c2e988d75c3f3beefa643&amp;id=4ed63cebac&amp;e=6902c74b14\" target=\"_blank\" rel=\"noopener noreferrer\" data-saferedirecturl=\"https:\/\/www.google.com\/url?q=https:\/\/urpspharma.us8.list-manage.com\/track\/click?u%3D07e1c2e988d75c3f3beefa643%26id%3D4ed63cebac%26e%3D6902c74b14&amp;source=gmail&amp;ust=1586601213081000&amp;usg=AFQjCNGn59vyJ7fXrdEa8d_6j0K9qqlJ7g\">cliquant ICI<\/a><\/p>\n\t<strong>Nous contacter<\/strong><br \/>\nMME LAHOGUE Sandrine &#8211; Charg\u00e9e de mission<br \/>\nEmail : <a href=\"mailto:contact@urpspharma.re\" target=\"_blank\" rel=\"noopener noreferrer\">contact@urpspharma.re<\/a><br \/>\nGsm : 06.93.90.96.42\n","protected":false},"excerpt":{"rendered":"<p>Plan de Continuit\u00e9 d&#8217;Activit\u00e9 en officine &#8211; PCA Dans ce contexte de crise sanitaire, la profession unie a list\u00e9 des pr\u00e9conisations afin de vous aider \u00e0 \u00e9laborer votre plan de continuit\u00e9 d&#8217;activit\u00e9. Elles ne vous sont communiqu\u00e9es qu&#8217;\u00e0 titre indicatif et de conseils car chaque titulaire est personnellement responsable de l&#8217;organisation de son \u00e9quipe officinale&hellip;<\/p>\n","protected":false},"author":3,"featured_media":0,"parent":0,"menu_order":0,"comment_status":"closed","ping_status":"closed","template":"","meta":{"footnotes":""},"amp_enabled":true,"_links":{"self":[{"href":"https:\/\/urpspharma.re\/index.php?rest_route=\/wp\/v2\/pages\/3571"}],"collection":[{"href":"https:\/\/urpspharma.re\/index.php?rest_route=\/wp\/v2\/pages"}],"about":[{"href":"https:\/\/urpspharma.re\/index.php?rest_route=\/wp\/v2\/types\/page"}],"author":[{"embeddable":true,"href":"https:\/\/urpspharma.re\/index.php?rest_route=\/wp\/v2\/users\/3"}],"replies":[{"embeddable":true,"href":"https:\/\/urpspharma.re\/index.php?rest_route=%2Fwp%2Fv2%2Fcomments&post=3571"}],"version-history":[{"count":4,"href":"https:\/\/urpspharma.re\/index.php?rest_route=\/wp\/v2\/pages\/3571\/revisions"}],"predecessor-version":[{"id":5860,"href":"https:\/\/urpspharma.re\/index.php?rest_route=\/wp\/v2\/pages\/3571\/revisions\/5860"}],"wp:attachment":[{"href":"https:\/\/urpspharma.re\/index.php?rest_route=%2Fwp%2Fv2%2Fmedia&parent=3571"}],"curies":[{"name":"wp","href":"https:\/\/api.w.org\/{rel}","templated":true}]}}