{"id":3863,"date":"2020-10-05T11:45:52","date_gmt":"2020-10-05T07:45:52","guid":{"rendered":"https:\/\/urpspharma.re\/?page_id=3863"},"modified":"2023-09-15T10:18:28","modified_gmt":"2023-09-15T06:18:28","slug":"action-covid-19-delivrance-des-masques-chirurgicaux","status":"publish","type":"page","link":"https:\/\/urpspharma.re\/?page_id=3863","title":{"rendered":"Action : Covid-19 &#8211; D\u00e9livrance des masques"},"content":{"rendered":"<h1>\n\t\tDISPENSATION DE MASQUES\n\t<\/h1>\n\t\t\t\t<img loading=\"lazy\" decoding=\"async\" src=\"https:\/\/urpspharma.re\/wp-content\/uploads\/2020\/03\/bandeau-coronavirus.png\" alt=\"bandeau coronavirus\" itemprop=\"image\" height=\"100\" width=\"600\" title=\"bandeau coronavirus\"  \/>\n<h1>\n\t\tMASQUES POUR LES PROFESSIONNELS DE SANTE\n\t<\/h1>\n<p>Depuis le 06 novembre 2020, vous pouvez commander des masques des stocks r\u00e9gionaux de l&#8217;ARS aupr\u00e8s de PHARMAR, afin de les d\u00e9livrer exclusivement aux professionnels de sant\u00e9 en quantit\u00e9s plus importantes.<\/p>\n<p>Dor\u00e9navant, c&#8217;est la consigne du 04 novembre 2020 de l&#8217;ARS qui s&#8217;applique. La tarification se fait toujours en unit\u00e9s de masques d\u00e9livr\u00e9es et reste identique\u00a0aux consignes du 25 juin 2020.<\/p>\n\t<p><a href=\"https:\/\/drive.google.com\/file\/d\/1CyUWCfmOsW3IJQuo8PJPmf_4WPo0arNk\/view?usp=sharing\" target=\"_blank\" rel=\"noopener noreferrer\">\u25baTableau des r\u00e9partitions de distributions des masques aux professionnels de sant\u00e9 Stock Etat ou Stocks r\u00e9gionaux ARS<\/a><\/p>\nPour rappel :\n<a href=\"https:\/\/drive.google.com\/file\/d\/1_dFc0hbyFnBU7whxJc2JKtVouLeMnTVm\/view\" target=\"_blank\" rel=\"noopener noreferrer\">\u25ba<\/a><a href=\"https:\/\/drive.google.com\/file\/d\/1_dFc0hbyFnBU7whxJc2JKtVouLeMnTVm\/view\" target=\"_blank\" rel=\"noopener noreferrer\">consignes du 04 novembre 2020<\/a>\u00a0:\u00a0stocks r\u00e9gionaux de l&#8217;ARS\n\t\t\t\t<a href=\"https:\/\/drive.google.com\/file\/d\/1CyUWCfmOsW3IJQuo8PJPmf_4WPo0arNk\/view?usp=sharing\" target=\"_blank\" rel=\"noopener noreferrer\" itemprop=\"url\">\n\t\t\t\t<img loading=\"lazy\" decoding=\"async\" src=\"https:\/\/urpspharma.re\/wp-content\/uploads\/2020\/11\/tableau-r\u00e9partitions-masques.png\" alt=\"tableau r\u00e9partitions masques\" itemprop=\"image\" height=\"596\" width=\"910\" title=\"tableau r\u00e9partitions masques\"  \/>\n\t\t\t\t<\/a>\n<h1>\n\t\tMASQUES POUR LES PATIENTS\n\t<\/h1>\n\tDor\u00e9navant, pour les patients et les aidants familiaux vous ne devez d\u00e9livrer et facturer que les masques issus de vos\u00a0stocks officinaux selon les modalit\u00e9s transmises par l&#8217;Assurance Maladie.\n\t<p><a href=\"https:\/\/drive.google.com\/file\/d\/12YF-y3xToGbg5hFqoF95ifyMNnTHD9tT\/view?usp=sharing\" target=\"_blank\" rel=\"noopener noreferrer\">\u25baTableau des r\u00e9partitions de distributions des masques aux patients et aux aidants familiaux<\/a><\/p>\nPour rappel :\n<a href=\"https:\/\/www.ameli.fr\/la-reunion\/pharmacien\/actualites\/delivrance-des-masques-modalites-de-remuneration#:~:text=Le%20principe%20de%20la%20r%C3%A9mun%C3%A9ration,le%20minist%C3%A8re%20de%20la%20Sant%C3%A9.\" target=\"_blank\" rel=\"noopener noreferrer\">\u25baFacturation ameli.fr<\/a>\n\t\t\t\t<a href=\"https:\/\/drive.google.com\/file\/d\/12YF-y3xToGbg5hFqoF95ifyMNnTHD9tT\/view?usp=sharing\" target=\"_blank\" rel=\"noopener noreferrer\" itemprop=\"url\">\n\t\t\t\t<img loading=\"lazy\" decoding=\"async\" src=\"https:\/\/urpspharma.re\/wp-content\/uploads\/2020\/11\/tableau-r\u00e9partitions-masques-stock-officinaux.png\" alt=\"tableau r\u00e9partitions masques stock officinaux\" itemprop=\"image\" height=\"513\" width=\"1003\" title=\"tableau r\u00e9partitions masques stock officinaux\"  \/>\n\t\t\t\t<\/a>\n\t\t\t<a href=\"\" target=\"_blank\" role=\"button\" rel=\"noopener noreferrer\">\n\t\t\t\t\t\t\t\u25baICI &#8211; t\u00e9l\u00e9chargement : Les Tarifs et les justificatifs sont dans l&#8217;arr\u00eat\u00e9 du 03 octobre 2020\n\t\t\t\t\t<\/a>\n\t\t\t<a href=\"https:\/\/drive.google.com\/file\/d\/1AeyWtW7j8kNjMGjDXF-k5slMeMZ7C8cn\/view?usp=sharing\" target=\"_blank\" role=\"button\" rel=\"noopener noreferrer\">\n\t\t\t\t\t\t\t\u25baICI &#8211; t\u00e9l\u00e9chargement Note transmise par l&#8217;ARS concernant la conformit\u00e9 des masques chirurgicaux en cliquant ICI\n\t\t\t\t\t<\/a>\n\t<p>L&#8217;assurance maladie et\/ou vos syndicats vous communiqueront les d\u00e9tails techniques de facturation.<\/p>\n<h1>\n\t\tINTERLOCUTEURS ARS &#8211; ASSURANCE MALADIE\n\t<\/h1>\n\t<p><strong>Pour toutes difficult\u00e9s rencontr\u00e9es vos interlocuteurs sont :<\/strong><\/p>\nPour l&#8217;ARS :\u00a0<a href=\"https:\/\/urpspharma.us8.list-manage.com\/track\/click?u=07e1c2e988d75c3f3beefa643&amp;id=e7da51fdcd&amp;e=6902c74b14\" target=\"_blank\" rel=\"noopener noreferrer\" data-saferedirecturl=\"https:\/\/www.google.com\/url?q=https:\/\/urpspharma.us8.list-manage.com\/track\/click?u%3D07e1c2e988d75c3f3beefa643%26id%3De7da51fdcd%26e%3D6902c74b14&amp;source=gmail&amp;ust=1586601213081000&amp;usg=AFQjCNHAni6Iejw3_kuENp8_Bt6E3CRbSg\">ars-reunion-covid19-gestion@<wbr \/>ars.sante.fr<\/a><br \/>\nPour l&#8217;Assurance maladie :\u00a0<a href=\"https:\/\/urpspharma.us8.list-manage.com\/track\/click?u=07e1c2e988d75c3f3beefa643&amp;id=2da1ff7b7e&amp;e=6902c74b14\" target=\"_blank\" rel=\"noopener noreferrer\" data-saferedirecturl=\"https:\/\/www.google.com\/url?q=https:\/\/urpspharma.us8.list-manage.com\/track\/click?u%3D07e1c2e988d75c3f3beefa643%26id%3D2da1ff7b7e%26e%3D6902c74b14&amp;source=gmail&amp;ust=1586601213081000&amp;usg=AFQjCNHrync7vaXKDysySAT9yjWHBHf3Ww\">dam@cgss.re<\/a>\n<h1>\n\t\tLIENS UTILES\n\t<\/h1>\n\t<p>Site : ARS de La R\u00e9union en <a href=\"https:\/\/urpspharma.us8.list-manage.com\/track\/click?u=07e1c2e988d75c3f3beefa643&amp;id=278f7d676f&amp;e=6902c74b14\" target=\"_blank\" rel=\"noopener noreferrer\" data-saferedirecturl=\"https:\/\/www.google.com\/url?q=https:\/\/urpspharma.us8.list-manage.com\/track\/click?u%3D07e1c2e988d75c3f3beefa643%26id%3D278f7d676f%26e%3D6902c74b14&amp;source=gmail&amp;ust=1586601213081000&amp;usg=AFQjCNF3zxfJreXW-iSZHF7oQftl7UzTiA\">cliquant ICI<\/a><\/p>\n<p>Site : Les services de l&#8217;Etat de La R\u00e9union en\u00a0<a href=\"https:\/\/urpspharma.us8.list-manage.com\/track\/click?u=07e1c2e988d75c3f3beefa643&amp;id=083bca479e&amp;e=6902c74b14\" target=\"_blank\" rel=\"noopener noreferrer\" data-saferedirecturl=\"https:\/\/www.google.com\/url?q=https:\/\/urpspharma.us8.list-manage.com\/track\/click?u%3D07e1c2e988d75c3f3beefa643%26id%3D083bca479e%26e%3D6902c74b14&amp;source=gmail&amp;ust=1586601213081000&amp;usg=AFQjCNHSov2r3F7yfb2GndbIwR6KCzz7iA\">cliquant ICI<\/a><\/p>\n<p>Site : Ordre National des Pharmaciens : Foire aux questions &#8211; Pharmaciens d&#8217;officine en\u00a0<a href=\"https:\/\/urpspharma.us8.list-manage.com\/track\/click?u=07e1c2e988d75c3f3beefa643&amp;id=4ed63cebac&amp;e=6902c74b14\" target=\"_blank\" rel=\"noopener noreferrer\" data-saferedirecturl=\"https:\/\/www.google.com\/url?q=https:\/\/urpspharma.us8.list-manage.com\/track\/click?u%3D07e1c2e988d75c3f3beefa643%26id%3D4ed63cebac%26e%3D6902c74b14&amp;source=gmail&amp;ust=1586601213081000&amp;usg=AFQjCNGn59vyJ7fXrdEa8d_6j0K9qqlJ7g\">cliquant ICI<\/a><\/p>\n\t<strong>Nous contacter<\/strong><br \/>\nMME LAHOGUE Sandrine &#8211; Charg\u00e9e de mission<br \/>\nEmail : <a href=\"mailto:contact@urpspharma.re\" target=\"_blank\" rel=\"noopener noreferrer\">contact@urpspharma.re<\/a><br \/>\nGsm : 06.93.90.96.42\n","protected":false},"excerpt":{"rendered":"<p>DISPENSATION DE MASQUES MASQUES POUR LES PROFESSIONNELS DE SANTE Depuis le 06 novembre 2020, vous pouvez commander des masques des stocks r\u00e9gionaux de l&#8217;ARS aupr\u00e8s de PHARMAR, afin de les d\u00e9livrer exclusivement aux professionnels de sant\u00e9 en quantit\u00e9s plus importantes. Dor\u00e9navant, c&#8217;est la consigne du 04 novembre 2020 de l&#8217;ARS qui s&#8217;applique. La tarification se&hellip;<\/p>\n","protected":false},"author":3,"featured_media":0,"parent":0,"menu_order":0,"comment_status":"closed","ping_status":"closed","template":"","meta":{"footnotes":""},"amp_enabled":true,"_links":{"self":[{"href":"https:\/\/urpspharma.re\/index.php?rest_route=\/wp\/v2\/pages\/3863"}],"collection":[{"href":"https:\/\/urpspharma.re\/index.php?rest_route=\/wp\/v2\/pages"}],"about":[{"href":"https:\/\/urpspharma.re\/index.php?rest_route=\/wp\/v2\/types\/page"}],"author":[{"embeddable":true,"href":"https:\/\/urpspharma.re\/index.php?rest_route=\/wp\/v2\/users\/3"}],"replies":[{"embeddable":true,"href":"https:\/\/urpspharma.re\/index.php?rest_route=%2Fwp%2Fv2%2Fcomments&post=3863"}],"version-history":[{"count":6,"href":"https:\/\/urpspharma.re\/index.php?rest_route=\/wp\/v2\/pages\/3863\/revisions"}],"predecessor-version":[{"id":5858,"href":"https:\/\/urpspharma.re\/index.php?rest_route=\/wp\/v2\/pages\/3863\/revisions\/5858"}],"wp:attachment":[{"href":"https:\/\/urpspharma.re\/index.php?rest_route=%2Fwp%2Fv2%2Fmedia&parent=3863"}],"curies":[{"name":"wp","href":"https:\/\/api.w.org\/{rel}","templated":true}]}}

Action : Covid-19 &#8211; Délivrance des masques

<h1>
		DISPENSATION DE MASQUES
	</h1>
				<img loading="lazy" decoding="async" src="https://urpspharma.re/wp-content/uploads/2020/03/bandeau-coronavirus.png" alt="bandeau coronavirus" itemprop="image" height="100" width="600" title="bandeau coronavirus"  />
<h1>
		MASQUES POUR LES PROFESSIONNELS DE SANTE
	</h1>
<p>Depuis le 06 novembre 2020, vous pouvez commander des masques des stocks régionaux de l&#8217;ARS auprès de PHARMAR, afin de les délivrer exclusivement aux professionnels de santé en quantités plus importantes.</p>
<p>Dorénavant, c&#8217;est la consigne du 04 novembre 2020 de l&#8217;ARS qui s&#8217;applique. La tarification se fait toujours en unités de masques délivrées et reste identique aux consignes du 25 juin 2020.</p>
	<p><a href="https://drive.google.com/file/d/1CyUWCfmOsW3IJQuo8PJPmf_4WPo0arNk/view?usp=sharing" target="_blank" rel="noopener noreferrer">►Tableau des répartitions de distributions des masques aux professionnels de santé Stock Etat ou Stocks régionaux ARS</a></p>
Pour rappel :
<a href="https://drive.google.com/file/d/1_dFc0hbyFnBU7whxJc2JKtVouLeMnTVm/view" target="_blank" rel="noopener noreferrer">►</a><a href="https://drive.google.com/file/d/1_dFc0hbyFnBU7whxJc2JKtVouLeMnTVm/view" target="_blank" rel="noopener noreferrer">consignes du 04 novembre 2020</a> : stocks régionaux de l&#8217;ARS
				<a href="https://drive.google.com/file/d/1CyUWCfmOsW3IJQuo8PJPmf_4WPo0arNk/view?usp=sharing" target="_blank" rel="noopener noreferrer" itemprop="url">
				<img loading="lazy" decoding="async" src="https://urpspharma.re/wp-content/uploads/2020/11/tableau-répartitions-masques.png" alt="tableau répartitions masques" itemprop="image" height="596" width="910" title="tableau répartitions masques"  />
				</a>
<h1>
		MASQUES POUR LES PATIENTS
	</h1>
	Dorénavant, pour les patients et les aidants familiaux vous ne devez délivrer et facturer que les masques issus de vos stocks officinaux selon les modalités transmises par l&#8217;Assurance Maladie.
	<p><a href="https://drive.google.com/file/d/12YF-y3xToGbg5hFqoF95ifyMNnTHD9tT/view?usp=sharing" target="_blank" rel="noopener noreferrer">►Tableau des répartitions de distributions des masques aux patients et aux aidants familiaux</a></p>
Pour rappel :
<a href="https://www.ameli.fr/la-reunion/pharmacien/actualites/delivrance-des-masques-modalites-de-remuneration#:~:text=Le%20principe%20de%20la%20r%C3%A9mun%C3%A9ration,le%20minist%C3%A8re%20de%20la%20Sant%C3%A9." target="_blank" rel="noopener noreferrer">►Facturation ameli.fr</a>
				<a href="https://drive.google.com/file/d/12YF-y3xToGbg5hFqoF95ifyMNnTHD9tT/view?usp=sharing" target="_blank" rel="noopener noreferrer" itemprop="url">
				<img loading="lazy" decoding="async" src="https://urpspharma.re/wp-content/uploads/2020/11/tableau-répartitions-masques-stock-officinaux.png" alt="tableau répartitions masques stock officinaux" itemprop="image" height="513" width="1003" title="tableau répartitions masques stock officinaux"  />
				</a>
			<a href="" target="_blank" role="button" rel="noopener noreferrer">
							►ICI &#8211; téléchargement : Les Tarifs et les justificatifs sont dans l&#8217;arrêté du 03 octobre 2020
					</a>
			<a href="https://drive.google.com/file/d/1AeyWtW7j8kNjMGjDXF-k5slMeMZ7C8cn/view?usp=sharing" target="_blank" role="button" rel="noopener noreferrer">
							►ICI &#8211; téléchargement Note transmise par l&#8217;ARS concernant la conformité des masques chirurgicaux en cliquant ICI
					</a>
	<p>L&#8217;assurance maladie et/ou vos syndicats vous communiqueront les détails techniques de facturation.</p>
<h1>
		INTERLOCUTEURS ARS &#8211; ASSURANCE MALADIE
	</h1>
	<p><strong>Pour toutes difficultés rencontrées vos interlocuteurs sont :</strong></p>
Pour l&#8217;ARS : <a href="https://urpspharma.us8.list-manage.com/track/click?u=07e1c2e988d75c3f3beefa643&amp;id=e7da51fdcd&amp;e=6902c74b14" target="_blank" rel="noopener noreferrer" data-saferedirecturl="https://www.google.com/url?q=https://urpspharma.us8.list-manage.com/track/click?u%3D07e1c2e988d75c3f3beefa643%26id%3De7da51fdcd%26e%3D6902c74b14&amp;source=gmail&amp;ust=1586601213081000&amp;usg=AFQjCNHAni6Iejw3_kuENp8_Bt6E3CRbSg">ars-reunion-covid19-gestion@<wbr />ars.sante.fr</a><br />
Pour l&#8217;Assurance maladie : <a href="https://urpspharma.us8.list-manage.com/track/click?u=07e1c2e988d75c3f3beefa643&amp;id=2da1ff7b7e&amp;e=6902c74b14" target="_blank" rel="noopener noreferrer" data-saferedirecturl="https://www.google.com/url?q=https://urpspharma.us8.list-manage.com/track/click?u%3D07e1c2e988d75c3f3beefa643%26id%3D2da1ff7b7e%26e%3D6902c74b14&amp;source=gmail&amp;ust=1586601213081000&amp;usg=AFQjCNHrync7vaXKDysySAT9yjWHBHf3Ww">dam@cgss.re</a>
<h1>
		LIENS UTILES
	</h1>
	<p>Site : ARS de La Réunion en <a href="https://urpspharma.us8.list-manage.com/track/click?u=07e1c2e988d75c3f3beefa643&amp;id=278f7d676f&amp;e=6902c74b14" target="_blank" rel="noopener noreferrer" data-saferedirecturl="https://www.google.com/url?q=https://urpspharma.us8.list-manage.com/track/click?u%3D07e1c2e988d75c3f3beefa643%26id%3D278f7d676f%26e%3D6902c74b14&amp;source=gmail&amp;ust=1586601213081000&amp;usg=AFQjCNF3zxfJreXW-iSZHF7oQftl7UzTiA">cliquant ICI</a></p>
<p>Site : Les services de l&#8217;Etat de La Réunion en <a href="https://urpspharma.us8.list-manage.com/track/click?u=07e1c2e988d75c3f3beefa643&amp;id=083bca479e&amp;e=6902c74b14" target="_blank" rel="noopener noreferrer" data-saferedirecturl="https://www.google.com/url?q=https://urpspharma.us8.list-manage.com/track/click?u%3D07e1c2e988d75c3f3beefa643%26id%3D083bca479e%26e%3D6902c74b14&amp;source=gmail&amp;ust=1586601213081000&amp;usg=AFQjCNHSov2r3F7yfb2GndbIwR6KCzz7iA">cliquant ICI</a></p>
<p>Site : Ordre National des Pharmaciens : Foire aux questions &#8211; Pharmaciens d&#8217;officine en <a href="https://urpspharma.us8.list-manage.com/track/click?u=07e1c2e988d75c3f3beefa643&amp;id=4ed63cebac&amp;e=6902c74b14" target="_blank" rel="noopener noreferrer" data-saferedirecturl="https://www.google.com/url?q=https://urpspharma.us8.list-manage.com/track/click?u%3D07e1c2e988d75c3f3beefa643%26id%3D4ed63cebac%26e%3D6902c74b14&amp;source=gmail&amp;ust=1586601213081000&amp;usg=AFQjCNGn59vyJ7fXrdEa8d_6j0K9qqlJ7g">cliquant ICI</a></p>
	<strong>Nous contacter</strong><br />
MME LAHOGUE Sandrine &#8211; Chargée de mission<br />
Email : <a href="mailto:contact@urpspharma.re" target="_blank" rel="noopener noreferrer">contact@urpspharma.re</a><br />
Gsm : 06.93.90.96.42

<p>DISPENSATION DE MASQUES MASQUES POUR LES PROFESSIONNELS DE SANTE Depuis le 06 novembre 2020, vous pouvez commander des masques des stocks régionaux de l&#8217;ARS auprès de PHARMAR, afin de les délivrer exclusivement aux professionnels de santé en quantités plus importantes. Dorénavant, c&#8217;est la consigne du 04 novembre 2020 de l&#8217;ARS qui s&#8217;applique. La tarification se&hellip;</p>
