{"id":4273,"date":"2021-01-08T16:18:56","date_gmt":"2021-01-08T12:18:56","guid":{"rendered":"https:\/\/urpspharma.re\/?page_id=4273"},"modified":"2023-09-15T10:07:58","modified_gmt":"2023-09-15T06:07:58","slug":"action-covid-19-vaccination-lessentiel","status":"publish","type":"page","link":"https:\/\/urpspharma.re\/?page_id=4273","title":{"rendered":"Action : Covid-19 &#8211; Vaccination : l&#8217;essentiel"},"content":{"rendered":"<h1>\n\t\tVACCINATION &#8211; L&#8217;ESSENTIEL\n\t<\/h1>\n\t\t\t\t<img loading=\"lazy\" decoding=\"async\" src=\"https:\/\/urpspharma.re\/wp-content\/uploads\/2020\/03\/bandeau-coronavirus.png\" alt=\"bandeau coronavirus\" itemprop=\"image\" height=\"100\" width=\"600\" title=\"bandeau coronavirus\"  \/>\n<h1>\n\t\tD\u00e9ploiement de la vaccination contre la Covid, quel r\u00f4le souhaitez-vous jouer ?\n\t<\/h1>\n\t<p><strong>Vaccinateur ou dispensateur ?<\/strong><\/p>\n&#8211; Si vous n&#8217;avez pas encore r\u00e9pondu, merci de nous indiquer \u00e0 quel niveau vous souhaitez vous impliquer dans la suite du d\u00e9ploiement,<br \/>\n&#8211;\u00a0Si vous avez chang\u00e9 d&#8217;avis depuis votre premi\u00e8re r\u00e9ponse ou que vous \u00eates dor\u00e9navant \u00e9quip\u00e9 merci de renseigner \u00e0 nouveau notre formulaire.\n\t<p>Votre URPS vous invite \u00e0 consulter le cahier des charges avant de nous faire savoir tr\u00e8s vite \u00e0 quel niveau vous souhaitez vous impliquer.<\/p>\n\u25ba\u00a0<a href=\"https:\/\/drive.google.com\/file\/d\/1v7-LNfsWpYSpsvMbpXbG9qZYuPtTNF7e\/view?usp=sharing\" target=\"_blank\" rel=\"noopener noreferrer\">Points cl\u00e9s du cahier des charges mis \u00e0 jour au 31\/03\/2021<\/a><br \/>\n\u25ba\u00a0<a href=\"https:\/\/drive.google.com\/file\/d\/1nUmcJ5BSY0jGIoVbnOnTgTpLdW6XUh-0\/view?usp=sharing\" target=\"_blank\" rel=\"noopener noreferrer\">Cahier des charges COMIRNATY\u00b0 de l&#8217;ARS\u00a0<\/a><a href=\"https:\/\/drive.google.com\/file\/d\/1nUmcJ5BSY0jGIoVbnOnTgTpLdW6XUh-0\/view?usp=sharing\">au 19\/05\/2021<\/a>\n<p>&nbsp;<\/p>\n\t\t\t<a href=\"https:\/\/docs.google.com\/forms\/d\/e\/1FAIpQLScNBXCvK26nsh2aI6cYa0vqtAUap0fq5oxk4NqjVkoJsumvWw\/viewform\" target=\"_blank\" role=\"button\" rel=\"noopener noreferrer\">\n\t\t\t\t\t\t\t\u25baRenseigner notre appel \u00e0 candidature en cliquant ICI\n\t\t\t\t\t<\/a>\n\t\t\t<a href=\"https:\/\/drive.google.com\/file\/d\/1PZw39Z_OJ30cQ-SUcyz3Tv4TL5rLUmd0\/view?usp=sharing\" target=\"_blank\" role=\"button\" rel=\"noopener noreferrer\">\n\t\t\t\t\t\t\t\u25baListe des 201 pharmacies habilit\u00e9es en cliquant ICI\n\t\t\t\t\t<\/a>\n<h1>\n\t\tVaccination et mise \u00e0 disposition du vaccin :  Pfizer COMIRNATY\u00b0, Pfizer COMIRNATY\u00b0, Novavax NUVAXOVID\n\t<\/h1>\n\t\t\t<a href=\"https:\/\/urpspharma.re\/?page_id=4716\" target=\"_blank\" role=\"button\" rel=\"noopener noreferrer\">\n\t\t\t\t\t\t\t\u25ba Vaccination et mise \u00e0 disposition des vaccins pour les 201 pharmacies habilit\u00e9es en cliquant ICI\n\t\t\t\t\t<\/a>\n<h1>\n\t\tMise en \u0153uvre de l&#8217;obligation vaccinale et du passe sanitaire\u00a0\n\t<\/h1>\n\t\u25ba\u00a0<a href=\"https:\/\/www.lareunion.ars.sante.fr\/covid-19-strategie-vaccinale-pilotage-regional-et-calendrier\" target=\"_blank\" rel=\"noopener noreferrer\">Strat\u00e9gie vaccinale, pilotage r\u00e9gional et calendrier sur le site de l&#8217;ARS<\/a><br \/>\n\u25ba\u00a0<a href=\"https:\/\/www.lareunion.ars.sante.fr\/covid-19-ou-et-comment-se-faire-vacciner\" target=\"_blank\" rel=\"noopener noreferrer\">Liste d&#8217;\u00e9ligibilit\u00e9 accessible sur le site de l&#8217;ARS<\/a>\nL&#8217;Assurance Maladie nous a inform\u00e9 que pour la d\u00e9livrance du vaccin Pfizer COMIRNATY\u00b0, COMIRNATY\u00b0 p\u00e9diatrique ou NOVAXOVID aux professionnels de sant\u00e9 ou pour l&#8217;acte vaccinal en officine, \u00e0 ce jour, la facturation doit se faire selon les m\u00eames modalit\u00e9s que celles communiqu\u00e9es pour le vaccin AstraZeneca. (Voir les liens utiles ci-dessus).<br \/>\nLa profession reste en attente d&#8217; une revalorisation de ces actes pour tenir compte de la lourdeur du cahier des charges.\n\t<strong>Investigation des \u00e9checs vaccinaux contre la COVID-19<\/strong>\nLe guide d\u2019investigation des \u00e9checs vaccinaux contre la COVID-19\u00a0demande \u00e0 ce que la remont\u00e9e des signalements d\u2019\u00e9checs vaccinaux se fasse via le Portail national de signalement.\nPour une meilleure veille locale de ces \u00e9checs vaccinaux ou autre \u00e9v\u00e9nement ind\u00e9sirable grave en lien avec la vaccination, merci de transmettre syst\u00e9matiquement par mail \u00e0 l\u2019adresse\u00a0<a href=\"mailto:ars-reunion-signal@ars.sante.fr\" target=\"_blank\" rel=\"noopener noreferrer\">ars-reunion-signal@ars.sante.fr<\/a>\u00a0\u00a0le r\u00e9capitulatif de votre signalement que vous recevez en PDF.<br \/>\n<a href=\"https:\/\/drive.google.com\/file\/d\/1GwqzsJFQfbjavEouJRWxptPXzxXlkitm\/view?usp=sharing\" target=\"_blank\" rel=\"noopener noreferrer\">\u25baGuide d\u2019investigation des \u00e9checs vaccinaux contre la COVID-19<\/a><br \/>\n<a href=\"https:\/\/signalement.social-sante.gouv.fr\/psig_ihm_utilisateurs\/index.html#\/accueil\" target=\"_blank\" rel=\"noopener noreferrer\">\u25baPortail de signalement des \u00e9v\u00e9nements sanitaires ind\u00e9sirables<\/a>\n<h1>\n\t\tEligibilit\u00e9 \u00e0 la vaccination\n\t<\/h1>\n\t<p>Sont \u00e9ligibles \u00e0 la vaccination :<\/p>\n<ul>\n<li><strong>Toute personne \u00e0 partir de 5 ans sans crit\u00e8re de pathologie<\/strong>\n<ul>\n<li><strong><em>Pour les mineurs de\u00a05 \u00e0 15 ans<\/em><\/strong><strong>\u00a0:<\/strong>\u00a0La\u00a0pr\u00e9sence d\u2019au moins un parent accompagnateur est n\u00e9cessaire, muni d&#8217;une\u00a0<strong>autorisation obligatoire au moins d&#8217;un des parents<\/strong>.<\/li>\n<li><strong><em>Pour les mineurs de 16 \u00e0 17 ans :<\/em><\/strong>\u00a0l\u2019autorisation parentale n\u2019est pas obligatoire pour se faire vacciner.<\/li>\n<\/ul>\n<\/li>\n<li><strong>Les femmes enceintes<\/strong><\/li>\n<\/ul>\n<p>La vaccination des femmes enceintes et des personnes immunod\u00e9prim\u00e9es est recommand\u00e9e avec le vaccin Pfizer-BioNTech.<\/p>\n\t\t\t<a href=\"https:\/\/www.arslareunion-covid19.re\/\" target=\"_blank\" role=\"button\" rel=\"noopener noreferrer\">\n\t\t\t\t\t\t\t\u25baInscription sur la plateforme en ligne #Renforts-Covid974&#8243;\n\t\t\t\t\t<\/a>\n\t<p><img loading=\"lazy\" decoding=\"async\" src=\"https:\/\/www.lareunion.ars.sante.fr\/system\/files\/styles\/image_wysiwyg\/private\/2022-03\/2Infog%20publics-pro%20x%20vaccins%20ARS%20Reunion-%20Mars%202022.png?itok=saXYtGIX\" alt=\"\" width=\"444\" height=\"528\" \/><\/p>\n<h1>\n\t\tRenfort des pharmaciens vaccinateurs en centre\n\t<\/h1>\n\t<p><img loading=\"lazy\" decoding=\"async\" src=\"https:\/\/urpspharma.re\/wp-content\/uploads\/2021\/04\/ars-renfort-covid974-300x50.png\" alt=\"\" width=\"300\" height=\"50\" \/><\/p>\n<p>&nbsp;<\/p>\n\t<p>Pour ceux qui souhaitent renforcer le d\u00e9ploiement de la vaccination contre la Covid-19 en centre en dehors de vos heures de travail, vous pouvez vous porter volontaires en vous inscrivant en ligne sur la plateforme \u00ab Renforts-Covid974 \u00bb.<\/p>\n\t<p>Les missions s\u2019effectueront par \u00bd journ\u00e9e de 4 heures (matin ou apr\u00e8s-midi\/d\u00e9but de soir\u00e9e), selon les amplitudes horaires d\u00e9finies par les structures de rattachement.<\/p>\n<p><a href=\"https:\/\/www.ameli.fr\/la-reunion\/pharmacien\/actualites\/vaccination-en-centre-de-vaccination-quelle-est-la-remuneration-pour-le-pharmacien\" target=\"_blank\" rel=\"noopener noreferrer\">\u25ba D\u00e9tails sur la r\u00e9mun\u00e9ration forfaitaire en centre de vaccination en cliquant ICI<\/a><\/p>\n\t\t\t<a href=\"https:\/\/www.arslareunion-covid19.re\/\" target=\"_blank\" role=\"button\" rel=\"noopener noreferrer\">\n\t\t\t\t\t\t\t\u25baInscription sur la plateforme en ligne #Renforts-Covid974&#8243;\n\t\t\t\t\t<\/a>\n<h1>\n\t\tRenfort des pharmaciens vaccinateurs en centre\n\t<\/h1>\n\t<h3>R\u00e9ussir la campagne de vaccination en dehors des\u00a0EHPAD gr\u00e2ce \u00e0 la contribution des pharmaciens et des professionnels de sant\u00e9 de ville<\/h3>\n\t\t\t<a href=\"https:\/\/drive.google.com\/file\/d\/1r0SjAqbNjU9rga_iZP5JtvQqxiqaRXpW\/view\" target=\"_blank\" role=\"button\" rel=\"noopener noreferrer\">\n\t\t\t\t\t\t\t\u25baCourriel de l&#8217;URPS Pharmaciens \u00e0 l&#8217;ARS\n\t\t\t\t\t<\/a>\n\t\t\t<a href=\"https:\/\/drive.google.com\/file\/d\/1xUX62W8Yr1hcewlhS3Y2bBnBtTOhp99z\/view\" target=\"_blank\" role=\"button\" rel=\"noopener noreferrer\">\n\t\t\t\t\t\t\t\u25baCommuniqu\u00e9 de presse des syndicats des professionnels de sant\u00e9 lib\u00e9raux et de l&#8217;association des Maires de France (15 d\u00e9cembre 2020)\n\t\t\t\t\t<\/a>\n<h1>\n\t\tINFORMATIONS UTILES\n\t<\/h1>\n<h1>\n\t\tARS  &#8211; Agence R\u00e9gionale de Sant\u00e9 La R\u00e9union\n\t<\/h1>\n\t\t\t<a href=\"https:\/\/www.lareunion.ars.sante.fr\/covid-19-strategie-vaccinale-pilotage-regional-et-calendrier\" target=\"_blank\" role=\"button\" rel=\"noopener noreferrer\">\n\t\t\t\t\t\t\t\u25baStrat\u00e9gie vaccinale, pilotage r\u00e9gional et calendrier\n\t\t\t\t\t<\/a>\n\t\t\t<a href=\"https:\/\/www.lareunion.ars.sante.fr\/covid-19-ou-et-comment-se-faire-vacciner\" target=\"_blank\" role=\"button\" rel=\"noopener noreferrer\">\n\t\t\t\t\t\t\t\u25baO\u00f9 et comment se faire vacciner\n\t\t\t\t\t<\/a>\n\t\t\t<a href=\"https:\/\/www.lareunion.ars.sante.fr\/nouveau-coronavirus-covid-19\" target=\"_blank\" role=\"button\" rel=\"noopener noreferrer\">\n\t\t\t\t\t\t\t\u25baPoint sur la situation\n\t\t\t\t\t<\/a>\n<h1>\n\t\tSant\u00e9 publique France\n\t<\/h1>\n\t\t\t<a href=\"https:\/\/www.santepubliquefrance.fr\/determinants-de-sante\/vaccination\/documents\/depliant-flyer\/vaccination-covid-19-repere-pour-votre-pratique\" target=\"_blank\" role=\"button\" rel=\"noopener noreferrer\">\n\t\t\t\t\t\t\t\u25baVaccination COVID-19 &#8211; Rep\u00e8re pour votre pratique\n\t\t\t\t\t<\/a>\n<h1>\n\t\tOrdre national des pharmaciens\n\t<\/h1>\n\t\t\t<a href=\"http:\/\/www.ordre.pharmacien.fr\/Communications\/Les-actualites\" target=\"_blank\" role=\"button\" rel=\"noopener noreferrer\">\n\t\t\t\t\t\t\t\u25baLes actualit\u00e9s\n\t\t\t\t\t<\/a>\n<h1>\n\t\tMinist\u00e8re des Solidarit\u00e9s et de la Sant\u00e9\n\t<\/h1>\n\t\t\t<a href=\"https:\/\/solidarites-sante.gouv.fr\/grands-dossiers\/vaccin-covid-19\/je-suis-un-professionnel-de-sante-du-medico-social-et-du-social\/\" target=\"_blank\" role=\"button\" rel=\"noopener noreferrer\">\n\t\t\t\t\t\t\t\u25baToutes les informations sur la vaccination \u00e0 destination des professionnels\n\t\t\t\t\t<\/a>\n\t\t\t<a href=\"https:\/\/solidarites-sante.gouv.fr\/grands-dossiers\/vaccin-covid-19\/je-suis-un-professionnel-de-sante-du-medico-social-et-du-social\/article\/guide-de-la-vaccination-pour-les-medecins-infirmiers\" target=\"_blank\" role=\"button\" rel=\"noopener noreferrer\">\n\t\t\t\t\t\t\t\u25baPortfolios de fiches techniques pour les professionnels de sant\u00e9\n\t\t\t\t\t<\/a>\n\t\t\t<a href=\"https:\/\/signalement.social-sante.gouv.fr\/psig_ihm_utilisateurs\/index.html#\/accueil\" target=\"_blank\" role=\"button\" rel=\"noopener noreferrer\">\n\t\t\t\t\t\t\t\u25baPortail de signalement des \u00e9v\u00e9nements sanitaires ind\u00e9sirables\n\t\t\t\t\t<\/a>\n\t\t\t<a href=\"https:\/\/solidarites-sante.gouv.fr\/IMG\/pdf\/portfolio_pharmacies.pdf\" target=\"_blank\" role=\"button\" rel=\"noopener noreferrer\">\n\t\t\t\t\t\t\t\u25baPortfolio vaccination pour les pharmaciens\n\t\t\t\t\t<\/a>\n<h1>\n\t\tDGS-urgent\n\t<\/h1>\n\t\t\t<a href=\"https:\/\/solidarites-sante.gouv.fr\/professionnels\/article\/dgs-urgent\" target=\"_blank\" role=\"button\" rel=\"noopener noreferrer\">\n\t\t\t\t\t\t\t\u25baListe de diffusion DGS-Urgent &#8211; Service pour les professionnels de la sant\u00e9\n\t\t\t\t\t<\/a>\n<h1>\n\t\tLIENS UTILES\n\t<\/h1>\n\t<p>ARS de La R\u00e9union en <a href=\"https:\/\/urpspharma.us8.list-manage.com\/track\/click?u=07e1c2e988d75c3f3beefa643&amp;id=278f7d676f&amp;e=6902c74b14\" target=\"_blank\" rel=\"noopener noreferrer\" data-saferedirecturl=\"https:\/\/www.google.com\/url?q=https:\/\/urpspharma.us8.list-manage.com\/track\/click?u%3D07e1c2e988d75c3f3beefa643%26id%3D278f7d676f%26e%3D6902c74b14&amp;source=gmail&amp;ust=1586601213081000&amp;usg=AFQjCNF3zxfJreXW-iSZHF7oQftl7UzTiA\">cliquant ICI<\/a><\/p>\n<p>Pr\u00e9fecture en <a href=\"http:\/\/www.reunion.gouv.fr\/points-de-situation-r464.html\" target=\"_blank\" rel=\"noopener noreferrer\">cliquant ICI<\/a><\/p>\n<p>Assurance maladie en\u00a0<a href=\"https:\/\/www.ameli.fr\/la-reunion\/pharmacien\" target=\"_blank\" rel=\"noopener noreferrer\" data-saferedirecturl=\"https:\/\/www.google.com\/url?q=https:\/\/urpspharma.us8.list-manage.com\/track\/click?u%3D07e1c2e988d75c3f3beefa643%26id%3D4ed63cebac%26e%3D6902c74b14&amp;source=gmail&amp;ust=1586601213081000&amp;usg=AFQjCNGn59vyJ7fXrdEa8d_6j0K9qqlJ7g\">cliquant ICI<\/a><\/p>\n<p>DGS-urgent en<a href=\"https:\/\/dgs-urgent.sante.gouv.fr\/dgsurgent\/inter\/accueilBuilder.do?cmd=affiche\" target=\"_blank\" rel=\"noopener noreferrer\"> cliquant ICI<\/a><\/p>\n<p>Sant\u00e9 publique France &#8211; bulletin \u00e9pid\u00e9miologique r\u00e9gional en <a href=\"https:\/\/www.santepubliquefrance.fr\/recherche\/#search=COVID%2019%20point%20epidemiologique&amp;themes=maladies%20et%20infections%20respiratoires&amp;publications=donn%C3%A9es&amp;regions=Oc%C3%A9an%20Indien&amp;sort=date\" target=\"_blank\" rel=\"noopener noreferrer\">cliquant ICI<\/a><\/p>\n\t<strong>Nous contacter<\/strong><br \/>\nMME LAHOGUE Sandrine &#8211; Charg\u00e9e de mission<br \/>\nEmail : <a href=\"mailto:contact@urpspharma.re\" target=\"_blank\" rel=\"noopener noreferrer\">contact@urpspharma.re<\/a><br \/>\nGsm : 06.93.90.96.42\n","protected":false},"excerpt":{"rendered":"<p>VACCINATION &#8211; L&#8217;ESSENTIEL D\u00e9ploiement de la vaccination contre la Covid, quel r\u00f4le souhaitez-vous jouer ? Vaccinateur ou dispensateur ? &#8211; Si vous n&#8217;avez pas encore r\u00e9pondu, merci de nous indiquer \u00e0 quel niveau vous souhaitez vous impliquer dans la suite du d\u00e9ploiement, &#8211;\u00a0Si vous avez chang\u00e9 d&#8217;avis depuis votre premi\u00e8re r\u00e9ponse ou que vous \u00eates&hellip;<\/p>\n","protected":false},"author":3,"featured_media":0,"parent":0,"menu_order":0,"comment_status":"closed","ping_status":"closed","template":"","meta":{"footnotes":""},"amp_enabled":true,"_links":{"self":[{"href":"https:\/\/urpspharma.re\/index.php?rest_route=\/wp\/v2\/pages\/4273"}],"collection":[{"href":"https:\/\/urpspharma.re\/index.php?rest_route=\/wp\/v2\/pages"}],"about":[{"href":"https:\/\/urpspharma.re\/index.php?rest_route=\/wp\/v2\/types\/page"}],"author":[{"embeddable":true,"href":"https:\/\/urpspharma.re\/index.php?rest_route=\/wp\/v2\/users\/3"}],"replies":[{"embeddable":true,"href":"https:\/\/urpspharma.re\/index.php?rest_route=%2Fwp%2Fv2%2Fcomments&post=4273"}],"version-history":[{"count":32,"href":"https:\/\/urpspharma.re\/index.php?rest_route=\/wp\/v2\/pages\/4273\/revisions"}],"predecessor-version":[{"id":5873,"href":"https:\/\/urpspharma.re\/index.php?rest_route=\/wp\/v2\/pages\/4273\/revisions\/5873"}],"wp:attachment":[{"href":"https:\/\/urpspharma.re\/index.php?rest_route=%2Fwp%2Fv2%2Fmedia&parent=4273"}],"curies":[{"name":"wp","href":"https:\/\/api.w.org\/{rel}","templated":true}]}}