{"id":5637,"date":"2023-04-12T10:25:37","date_gmt":"2023-04-12T06:25:37","guid":{"rendered":"https:\/\/urpspharma.re\/?page_id=5637"},"modified":"2023-08-22T14:21:23","modified_gmt":"2023-08-22T10:21:23","slug":"action-bilan-vaccination-covid-en-officine","status":"publish","type":"page","link":"https:\/\/urpspharma.re\/?page_id=5637","title":{"rendered":"Action : Bilan &#8211; Vaccination covid en officine"},"content":{"rendered":"<h1>\n\t\tBilans\n\t<\/h1>\n<h1>\n\t\tVaccination contre la Covid-19\n\t<\/h1>\n<h1>\n\t\t2021\n\t<\/h1>\n\tLe d\u00e9ploiement de la vaccination contre le SARS-CoV2, a \u00e9t\u00e9 marqu\u00e9 par la mobilisation des lib\u00e9raux et du tissu collectif des professions de sant\u00e9.\nL\u2019URPS Pharmaciens a donc eu \u00e0 c\u0153ur, durant cette ann\u00e9e, \n\u25bad\u2019accompagner, de conseiller et d\u2019orienter au mieux les pharmaciens d\u2019officine.\n<b>\u25ba<\/b>de coordonner les commandes et l&#8217;approvisionnement du vaccin Comirnaty\u00b0de Pfizer au b\u00e9n\u00e9fice des professionnels de sant\u00e9 lib\u00e9raux\n<p><b>Une premi\u00e8re en France !\u00a0<\/b><\/p>\n\t\t\t<a href=\"https:\/\/drive.google.com\/file\/d\/1S8sZqBdu8YgkHVdmiTF9nKcfjEoJ9UbA\/view?usp=sharing\" target=\"_blank\" role=\"button\" rel=\"noopener noreferrer\">\n\t\t\t\t\t\tBILAN 2021\n\t\t\t\t\t<\/a>\n\t\t\t\t<a href=\"https:\/\/drive.google.com\/file\/d\/1S8sZqBdu8YgkHVdmiTF9nKcfjEoJ9UbA\/view?usp=sharing\" target=\"_blank\" rel=\"noopener noreferrer\" itemprop=\"url\">\n\t\t\t\t<img loading=\"lazy\" decoding=\"async\" src=\"https:\/\/urpspharma.re\/wp-content\/uploads\/2023\/04\/covid-2021.png\" alt=\"covid 2021\" itemprop=\"image\" height=\"675\" width=\"1205\" title=\"covid 2021\"  \/>\n\t\t\t\t<\/a>\n<h1>\n\t\t2022\n\t<\/h1>\n\t<p>Continuit\u00e9 de la coordination\u00a0des commandes et approvisionnement du vaccin Comirnaty\u00b0de Pfizer adulte, et ajout des commandes sur le Comirnaty\u00b0de Pfizer p\u00e9diatrique et Novavax de Novaxovid au b\u00e9n\u00e9fice des professionnels de sant\u00e9 lib\u00e9raux par l\u2019URPS Pharmaciens sur le 1er semestre 2022.<\/p>\n<p>&nbsp;<\/p>\n\t\t\t<a href=\"https:\/\/drive.google.com\/file\/d\/1d4cxZSQc8j32wo8WAFBtkDCeNxNfG3CL\/view?usp=sharing\" target=\"_blank\" role=\"button\" rel=\"noopener noreferrer\">\n\t\t\t\t\t\tBILAN 2022\n\t\t\t\t\t<\/a>\n\t\t\t\t<a href=\"https:\/\/drive.google.com\/file\/d\/1S8sZqBdu8YgkHVdmiTF9nKcfjEoJ9UbA\/view?usp=sharing\" target=\"_blank\" rel=\"noopener noreferrer\" itemprop=\"url\">\n\t\t\t\t<img loading=\"lazy\" decoding=\"async\" src=\"https:\/\/urpspharma.re\/wp-content\/uploads\/2023\/08\/BILAN-VACC-COVID-2022.png\" alt=\"BILAN VACC COVID 2022\" itemprop=\"image\" height=\"769\" width=\"1364\" title=\"BILAN VACC COVID 2022\"  \/>\n\t\t\t\t<\/a>\n","protected":false},"excerpt":{"rendered":"<p>Bilans Vaccination contre la Covid-19 2021 Le d\u00e9ploiement de la vaccination contre le SARS-CoV2, a \u00e9t\u00e9 marqu\u00e9 par la mobilisation des lib\u00e9raux et du tissu collectif des professions de sant\u00e9. L\u2019URPS Pharmaciens a donc eu \u00e0 c\u0153ur, durant cette ann\u00e9e, \u25bad\u2019accompagner, de conseiller et d\u2019orienter au mieux les pharmaciens d\u2019officine. \u25bade coordonner les commandes et&hellip;<\/p>\n","protected":false},"author":3,"featured_media":0,"parent":0,"menu_order":0,"comment_status":"closed","ping_status":"closed","template":"","meta":{"footnotes":""},"amp_enabled":true,"_links":{"self":[{"href":"https:\/\/urpspharma.re\/index.php?rest_route=\/wp\/v2\/pages\/5637"}],"collection":[{"href":"https:\/\/urpspharma.re\/index.php?rest_route=\/wp\/v2\/pages"}],"about":[{"href":"https:\/\/urpspharma.re\/index.php?rest_route=\/wp\/v2\/types\/page"}],"author":[{"embeddable":true,"href":"https:\/\/urpspharma.re\/index.php?rest_route=\/wp\/v2\/users\/3"}],"replies":[{"embeddable":true,"href":"https:\/\/urpspharma.re\/index.php?rest_route=%2Fwp%2Fv2%2Fcomments&post=5637"}],"version-history":[{"count":4,"href":"https:\/\/urpspharma.re\/index.php?rest_route=\/wp\/v2\/pages\/5637\/revisions"}],"predecessor-version":[{"id":5796,"href":"https:\/\/urpspharma.re\/index.php?rest_route=\/wp\/v2\/pages\/5637\/revisions\/5796"}],"wp:attachment":[{"href":"https:\/\/urpspharma.re\/index.php?rest_route=%2Fwp%2Fv2%2Fmedia&parent=5637"}],"curies":[{"name":"wp","href":"https:\/\/api.w.org\/{rel}","templated":true}]}}

<h1>
		Bilans
	</h1>
<h1>
		Vaccination contre la Covid-19
	</h1>
<h1>
		2021
	</h1>
	Le déploiement de la vaccination contre le SARS-CoV2, a été marqué par la mobilisation des libéraux et du tissu collectif des professions de santé.
L’URPS Pharmaciens a donc eu à cœur, durant cette année, 
►d’accompagner, de conseiller et d’orienter au mieux les pharmaciens d’officine.
<b>►</b>de coordonner les commandes et l&#8217;approvisionnement du vaccin Comirnaty°de Pfizer au bénéfice des professionnels de santé libéraux
<p><b>Une première en France ! </b></p>
			<a href="https://drive.google.com/file/d/1S8sZqBdu8YgkHVdmiTF9nKcfjEoJ9UbA/view?usp=sharing" target="_blank" role="button" rel="noopener noreferrer">
						BILAN 2021
					</a>
				<a href="https://drive.google.com/file/d/1S8sZqBdu8YgkHVdmiTF9nKcfjEoJ9UbA/view?usp=sharing" target="_blank" rel="noopener noreferrer" itemprop="url">
				<img loading="lazy" decoding="async" src="https://urpspharma.re/wp-content/uploads/2023/04/covid-2021.png" alt="covid 2021" itemprop="image" height="675" width="1205" title="covid 2021"  />
				</a>
<h1>
		2022
	</h1>
	<p>Continuité de la coordination des commandes et approvisionnement du vaccin Comirnaty°de Pfizer adulte, et ajout des commandes sur le Comirnaty°de Pfizer pédiatrique et Novavax de Novaxovid au bénéfice des professionnels de santé libéraux par l’URPS Pharmaciens sur le 1er semestre 2022.</p>
<p>&nbsp;</p>
			<a href="https://drive.google.com/file/d/1d4cxZSQc8j32wo8WAFBtkDCeNxNfG3CL/view?usp=sharing" target="_blank" role="button" rel="noopener noreferrer">
						BILAN 2022
					</a>
				<a href="https://drive.google.com/file/d/1S8sZqBdu8YgkHVdmiTF9nKcfjEoJ9UbA/view?usp=sharing" target="_blank" rel="noopener noreferrer" itemprop="url">
				<img loading="lazy" decoding="async" src="https://urpspharma.re/wp-content/uploads/2023/08/BILAN-VACC-COVID-2022.png" alt="BILAN VACC COVID 2022" itemprop="image" height="769" width="1364" title="BILAN VACC COVID 2022"  />
				</a>

<p>Bilans Vaccination contre la Covid-19 2021 Le déploiement de la vaccination contre le SARS-CoV2, a été marqué par la mobilisation des libéraux et du tissu collectif des professions de santé. L’URPS Pharmaciens a donc eu à cœur, durant cette année, ►d’accompagner, de conseiller et d’orienter au mieux les pharmaciens d’officine. ►de coordonner les commandes et&hellip;</p>
