{"id":6665,"date":"2024-09-10T12:21:43","date_gmt":"2024-09-10T08:21:43","guid":{"rendered":"https:\/\/urpspharma.re\/?page_id=6665"},"modified":"2025-01-09T12:06:01","modified_gmt":"2025-01-09T08:06:01","slug":"action-moissanstabac-2023-copy","status":"publish","type":"page","link":"https:\/\/urpspharma.re\/?page_id=6665","title":{"rendered":"Action : #MoisSansTabac 2024"},"content":{"rendered":"\n\n\t<p>Mis \u00e0 jour le 15 octobre 2024<\/p>\n\t<h1><strong>du 15 octobre <\/strong><strong>au 30 novembre 2024<\/strong><\/h1>\n\t\t\t\tJour\n\t\t\t\tHeure\n\t\t\t\tMinute\n\t\t\t\tSeconde\n\t\t\t\t<img loading=\"lazy\" decoding=\"async\" src=\"https:\/\/urpspharma.re\/wp-content\/uploads\/2022\/09\/210922bandeau-google-forms-inscription_v6.png\" alt=\"210922bandeau google forms inscription_v6\" itemprop=\"image\" height=\"298\" width=\"1246\" title=\"210922bandeau google forms inscription_v6\" onerror=\"this.style.display='none'\"  \/>\n\t<p>Action r\u00e9alis\u00e9e avec le soutien financier de la CGSS R\u00e9union<\/p>\n\t<p><a href=\"https:\/\/drive.google.com\/file\/d\/15jeTr0d3Af_enKBcNGSMRI_1hP2UfOyC\/view?usp=drive_link\" target=\"_blank\" rel=\"noopener\"><b>Comment y participer?<\/b><\/a><\/p>\n\t\t\t<a href=\"https:\/\/bit.ly\/Inscription_pharmacie_TABAC2024\" target=\"_blank\" rel=\"noopener\">\n\t\t\t\t\t\tJ&#8217;inscris ma pharmacie \u00e0 l&#8217;action en cliquant ICI\n\t\t\t\t\t<\/a>\n\t<p><strong>Inscription possible tout au long de l&#8217;action<\/strong><\/p>\n<h2>\n\t\tA la UNE !\n\t<\/h2>\n\t\t\t\t<a href=\"https:\/\/bit.ly\/webinaire_lesjeudispharmacie_21nov_sevragetabagique\" target=\"_blank\" rel=\"noopener\" itemprop=\"url\">\n\t\t\t\t<img loading=\"lazy\" decoding=\"async\" src=\"https:\/\/urpspharma.re\/wp-content\/uploads\/2024\/11\/webinaire_28-nov.png\" alt=\"webinaire_28 nov\" itemprop=\"image\" height=\"788\" width=\"940\" title=\"webinaire_28 nov\" onerror=\"this.style.display='none'\"  \/>\n\t\t\t\t<\/a>\n\t<p>&gt;&gt;&gt; <a href=\"https:\/\/urpspharma.re\/?p=6869\" target=\"_blank\" rel=\"noopener\">En savoir plus ICI<\/a><\/p>\n<h2>\n\t\tVous avez des cas comptoir sans r\u00e9ponses ?\n\t<\/h2>\n\t<p><strong>Rendez-vous en visio avec un tabacologue\u00a0<\/strong><\/p>\n<p><strong>Le jeudi 28 novembre \u00e0 partir de 13h\u00a0<\/strong><\/p>\n<p>Notre objectif est de r\u00e9pondre \u00e0 vos questions et\u00a0de vous permettre de d\u00e9livrer sereinement au comptoir des conseils ainsi qu&#8217;une dispensation optimale des substituts nicotiniques.<\/p>\n<strong>Th\u00e9matiques du jour<\/strong><br \/>\n&#8211; Cas comptoir\n\t\t\t<a href=\"https:\/\/us06web.zoom.us\/j\/9748428002?omn=82368104121\" target=\"_blank\" rel=\"noopener\">\n\t\t\t\t\t\t\t\u25ba Connexion &#8220;sans inscription&#8221; au webinaire en cliquant ICI\n\t\t\t\t\t<\/a>\n\t<p>Vous avez des questions, des th\u00e9matiques que vous souhaiteriez que l&#8217;on aborde ? N&#8217;h\u00e9sitez pas \u00e0 remplir le questionnaire afin que l&#8217;on vous apporte les r\u00e9ponses lors de notre webinaire.<\/p>\n\t\t\t<a href=\"https:\/\/docs.google.com\/forms\/d\/e\/1FAIpQLSclhiaVqJhYw2LAbOC3HslXWEbKeywSQb4eztNGrKxcXdJeNg\/viewform\" target=\"_blank\" rel=\"noopener\">\n\t\t\t\t\t\t\t\u25ba Posez vos questions en cliquant ICI\n\t\t\t\t\t<\/a>\n\t\t<h3>\t\n\tModalit\u00e9s<\/h3><p>Quand? Comment y participer? Pour qui? Quelle indemnisation? Quels supports?<\/p>\n<a href=\"\" rel=\"noopener\" target=\"_blank\"><\/a>\t\n\t\t\t<a href=\"https:\/\/drive.google.com\/file\/d\/1yGZKJiX5v9QoxGzlmaUw_60gYQiOb-s3\/view?usp=drive_link\" target=\"_blank\" rel=\"noopener\">\n\t\t\t\t\t\t\t\u25ba en savoir plus sur les modalit\u00e9s\n\t\t\t\t\t<\/a>\n\t\t<h3>\t\n\tAnnuaire pharmacies<\/h3><p>Annuaires des pharmacies sp\u00e9cial #MoisSansTabac. Disponible d\u00e8s le 15 octobre 2024<\/p>\n<a href=\"\" rel=\"noopener\" target=\"_blank\"><\/a>\t\n\t\t\t<a href=\"https:\/\/drive.google.com\/file\/d\/1OFrHkcd2XW6VOFowB2Mxw-g6s9Nv5nHF\/view?usp=drive_link\" target=\"_blank\" rel=\"noopener\">\n\t\t\t\t\t\t\t\u25ba Annuaire des pharmacies 2024\n\t\t\t\t\t<\/a>\n\t\t<h3>\t\n\tG\u00e9olocalisation<\/h3><p>Visualisation des pharmacies inscrites \u00e0 l&#8217;action r\u00e9gionale<\/p>\n<a href=\"\" rel=\"noopener\" target=\"_blank\"><\/a>\t\n\t\t\t<a href=\"https:\/\/www.google.com\/maps\/d\/u\/0\/viewer?mid=1QWunFu7taN0wOnjzQUBjuWQKyYyjYgI&#038;ll=-21.124301972448865%2C55.4291938175037&#038;z=9\" target=\"_blank\" rel=\"noopener\">\n\t\t\t\t\t\t\t\u25ba G\u00e9olocalisation 2024\n\t\t\t\t\t<\/a>\n\t<p><b>O\u00f9 en sommes nous? Objectif 1000 patients<\/b><\/p>\n\t<p><strong>BRAVO \u00e0 toutes les pharmacies engag\u00e9es et actives !<\/strong><\/p>\n<p><strong>Objectif atteint et d\u00e9pass\u00e9 !<\/strong><\/p>\n<p>Nous vous informons que les indemnisations seront prises en charge par votre URPS au del\u00e0 des 1000 patients.<\/p>\n\t&nbsp;<br \/>\n<marquee>\n<h1><strong>Samedi <\/strong><strong>30 novembre 2024 : Dernier jour pour inscrire vos patients &#8211; <\/strong><strong>Samedi <\/strong><strong>30 novembre 2024 : Dernier jour pour inscrire vos patients<\/strong><\/h1>\n<\/marquee><br \/>\n&nbsp;\n\t\t\t<a href=\"https:\/\/bit.ly\/inscription_patient_TABAC2024\" target=\"_blank\" rel=\"noopener\">\n\t\t\t\t\t\tJ&#8217;inscris le patient fumeur en cliquant ICI\n\t\t\t\t\t<\/a>\n\t\t\t<a href=\"https:\/\/www.tabac-info-service.fr\/je-fais-le-point-sur-ma-dependance-physique\" target=\"_blank\" rel=\"noopener\">\n\t\t\t\t\t\t\t\u25baBesoin d&#8217;aide ? Niveau de d\u00e9pendance : Je fais le test en cliquant ICI\n\t\t\t\t\t<\/a>\n\t\t\t<a href=\"https:\/\/mois-sans-tabac.tabac-info-service.fr\/\" target=\"_blank\" rel=\"noopener\">\n\t\t\t\t\t\tSite : Tabac info service en cliquant ICI\n\t\t\t\t\t<\/a>\n\t<iframe src=\"https:\/\/docs.google.com\/spreadsheets\/d\/e\/2PACX-1vQKSa2AvTlUtHmTWI8EC3_a_O7dl0NiFvRFSW74hkM9lf-lpivJlWSJxpViBHB8IUvLXtHOeoBR6E77\/pubhtml?gid=1776976522&amp;single=true&amp;widget=true&amp;headers=false\" width=\"1092\"height=\"451\"><\/iframe>\n\t<p><b>Quelle indemnisation pour l&#8217;action #MoisSansTabac?<\/b><\/p>\n\t\t<h3>\t\n\t35\u20ac<\/h3><p><strong>Indemnisation comprenant<\/strong><\/p>\n<p><strong>1 conseil minimal personnalis\u00e9<\/strong><\/p>\n<p><strong>1 semaine de substituts nicotiniques<\/strong><\/p>\n<p><strong>1 inscription du patient fumeur sur le formulaire en ligne de votre URPS<\/strong><\/p>\n<a href=\"\" target=\"_self\" rel=\"noopener\"><\/a>\t\n\t<h2><strong>Par votre URPS <img loading=\"lazy\" decoding=\"async\" src=\"wp-content\/uploads\/2023\/09\/URPS-PHARMACIENS-HD-RVB-300x172.jpg\" alt=\"\" width=\"300\" height=\"172\" \/><\/strong><\/h2>\n<p><b>Vous recevrez par mail une facture \u00e9tablie en votre nom. Celle-ci est \u00e0 compl\u00e9ter (tampon et signature) et \u00e0 retourner par mail \u00e0 contact@urpspharma.re en joignant \u00e9galement votre RIB.<\/b><\/p>\n<p><b><img loading=\"lazy\" decoding=\"async\" src=\"https:\/\/urpspharma.re\/wp-content\/uploads\/2023\/09\/2022_LOGO-MST-ROUGE_isoV2-150x150.png\" alt=\"\" width=\"140\" height=\"140\" \/><\/b><\/p>\n<p>&nbsp;<\/p>\n<p><em>Les justificatifs sont \u00e0 conserver dans l&#8217;\u00e9ventualit\u00e9 d&#8217;un contr\u00f4le par la CGSS ou par votre URPS. <\/em><em>La d\u00e9livrance du PACK GRATUIT de substituts nicotiniques est IMP\u00c9RATIVE pour b\u00e9n\u00e9ficier de l&#8217;indemnisation du formulaire de l&#8217;URPS. Votre indemnisation interviendra d\u00e8s d\u00e9cembre 2024.<\/em><\/p>\n\t<p><b>Mes supports de communication<\/b><\/p>\n\t\t<h3><a href=\"https:\/\/drive.google.com\/file\/d\/1CwqUD1gIG1__0i18yVTAbGegd-Kpdv8g\/view?usp=drive_link\" target=\"_blank\" rel=\"noopener\">\t\n\tAffiche<\/a><\/h3><p>Affiche imprimable format A4 pour la pharmacie et pour les professionnels de votre quartier<\/p>\n\t\t\t<a href=\"https:\/\/drive.google.com\/file\/d\/1CwqUD1gIG1__0i18yVTAbGegd-Kpdv8g\/view?usp=drive_link\" target=\"_blank\" rel=\"noopener\">\n\t\t\t\t\t\t\t\u25baT\u00e9l\u00e9chargement\n\t\t\t\t\t<\/a>\n\t\t<h3><a href=\"https:\/\/drive.google.com\/file\/d\/1g6XP-X_IIhK6WYmn04z4pTfT-Hqp3mzL\/view?usp=drive_link\" target=\"_blank\" rel=\"noopener\">\t\n\tCoupons<\/a><\/h3><p>Coupon imprimable format A4 \u00e0\u00a0 remettre aux patients fumeurs ou aux professionnels de sant\u00e9 de votre quartier<\/p>\n\t\t\t<a href=\"https:\/\/drive.google.com\/file\/d\/1g6XP-X_IIhK6WYmn04z4pTfT-Hqp3mzL\/view?usp=drive_link\" target=\"_blank\" rel=\"noopener\">\n\t\t\t\t\t\t\t\u25baT\u00e9l\u00e9chargement\n\t\t\t\t\t<\/a>\n\t\t<h3><a href=\"https:\/\/drive.google.com\/file\/d\/1c9-7YUTFgKsgmH58Dq64BWCbglEVL9m7\/view?usp=drive_link\" target=\"_blank\" rel=\"noopener\">\t\n\tCoupons imprimables<\/a><\/h3><p>Coupons imprimables format A4 pour les professionnels de sant\u00e9 (version r\u00e9duite en couleurs)<\/p>\n\t\t\t<a href=\"https:\/\/drive.google.com\/file\/d\/1c9-7YUTFgKsgmH58Dq64BWCbglEVL9m7\/view?usp=drive_link\" target=\"_blank\" rel=\"noopener\">\n\t\t\t\t\t\t\t\u25baT\u00e9l\u00e9chargement\n\t\t\t\t\t<\/a>\n\t\t\t<img decoding=\"async\" loading='false' src=\"https:\/\/urpspharma.re\/wp-content\/uploads\/2022\/09\/AFFICHE_COUPONS.png\" alt=\"\" \/>\t\t\t\n\t\t\t\t<img decoding=\"async\" loading='false' src=\"https:\/\/urpspharma.re\/wp-content\/uploads\/2022\/09\/AFFICHE_COUPONS.png\" alt=\"\" \/>\t\t\t\n\t\t\t<img decoding=\"async\" loading='false' src=\"https:\/\/urpspharma.re\/wp-content\/uploads\/2022\/10\/COUPON-IMPRIMABLE-PS-1.png\" alt=\"\" \/>\t\t\t\n\t\t\t\t<img decoding=\"async\" loading='false' src=\"https:\/\/urpspharma.re\/wp-content\/uploads\/2022\/10\/COUPON-IMPRIMABLE-PS-1.png\" alt=\"\" \/>\t\t\t\n\t\t\t\t<a href=\"#\" aria-label=\"previous\" role=\"button\">\n<\/a>\n\t\t\t\t<a href=\"#\" aria-label=\"next\" role=\"button\">\n<\/a>\n\t\t<h3><a href=\"https:\/\/drive.google.com\/file\/d\/1bUxCdC755T6_qIjzO4QBHICjMQvYY_b6\/view?usp=drive_link\" target=\"_blank\" rel=\"noopener\">\t\n\tSignature mail<\/a><\/h3>\n\t\t\t<a href=\"https:\/\/drive.google.com\/file\/d\/1bUxCdC755T6_qIjzO4QBHICjMQvYY_b6\/view?usp=drive_link\" target=\"_blank\" rel=\"noopener\">\n\t\t\t\t\t\t\t\u25baT\u00e9l\u00e9chargement\n\t\t\t\t\t<\/a>\n\t<p><img loading=\"lazy\" decoding=\"async\" src=\"https:\/\/urpspharma.re\/wp-content\/uploads\/2022\/09\/SIGNATURE-MAIL_Mois-sans-tabac2022-300x91.png\" alt=\"\" width=\"300\" height=\"91\" \/><\/p>\n\t\t<h3><a href=\"https:\/\/drive.google.com\/file\/d\/1e2hbtshBGaLvgFQLVJ25HlI1Lf3KxNvH\/view?usp=sharing\" target=\"_blank\" rel=\"noopener\">\t\n\tLogo<\/a><\/h3>\n\t\t\t<a href=\"https:\/\/drive.google.com\/file\/d\/1e2hbtshBGaLvgFQLVJ25HlI1Lf3KxNvH\/view?usp=sharing\" target=\"_blank\" rel=\"noopener\">\n\t\t\t\t\t\t\t\u25baT\u00e9l\u00e9chargement\n\t\t\t\t\t<\/a>\n\t<p><a href=\"https:\/\/drive.google.com\/file\/d\/1SzkFLNI7T8Ay3yUVFNOKT7w1ou7Ij8-c\/view?usp=drive_link\" target=\"_blank\" rel=\"noopener\"><img loading=\"lazy\" decoding=\"async\" src=\"https:\/\/urpspharma.re\/wp-content\/uploads\/2022\/10\/2022_LOGO-MST-ROUGE_isoV2-300x287.jpg\" alt=\"\" width=\"107\" height=\"103\" \/><\/a><\/p>\n\t\t<h3><a href=\"https:\/\/drive.google.com\/file\/d\/1msytsp9-nBB1sERO_KA3Ud-K5g9yxSPb\/view?usp=drive_link\" target=\"_blank\" rel=\"noopener\">\t\n\tQR Code Annuaire pharmacies<\/a><\/h3>\n\t\t\t<a href=\"https:\/\/drive.google.com\/file\/d\/1msytsp9-nBB1sERO_KA3Ud-K5g9yxSPb\/view?usp=drive_link\" target=\"_blank\" rel=\"noopener\">\n\t\t\t\t\t\t\t\u25baT\u00e9l\u00e9chargement\n\t\t\t\t\t<\/a>\n\t<p><a href=\"https:\/\/drive.google.com\/file\/d\/1u20xmFrQs9ba0Yqxu4BNIAwaxiuoBvnS\/view?usp=sharing\" target=\"_blank\" rel=\"noopener\"><img loading=\"lazy\" decoding=\"async\" src=\"https:\/\/urpspharma.re\/wp-content\/uploads\/2022\/10\/QR-CODE_annuaire-phies_Mois-sans-tabac2022-300x300.png\" alt=\"\" width=\"106\" height=\"106\" \/><\/a><\/p>\n\t\t\t<a href=\"https:\/\/mois-sans-tabac.tabac-info-service.fr\/\" target=\"_blank\" rel=\"noopener\">\n\t\t\t\t\t\tSite : Tabac info service en cliquant ICI\n\t\t\t\t\t<\/a>\n\t<p><b>Promotion Sant\u00e9 La R\u00e9union : Ambassadeur du Mois sans tabac La R\u00e9union<\/b><\/p>\n\t<p><a href=\"https:\/\/pro.mois-sans-tabac.re\/category\/outils-mois-sans-tabac\/outils-nationaux\/\" target=\"_blank\" rel=\"noopener\"><img loading=\"lazy\" decoding=\"async\" src=\"https:\/\/urpspharma.re\/wp-content\/uploads\/2023\/09\/logo-MOST-Re\u0123union-v2-296x300.png\" alt=\"\" width=\"264\" height=\"268\" \/><\/a><\/p>\n\t\t\t\t<a href=\"https:\/\/pro.mois-sans-tabac.re\/category\/outils-mois-sans-tabac\/outils-nationaux\/\" target=\"_blank\" rel=\"noopener\" itemprop=\"url\">\n\t\t\t\t<img loading=\"lazy\" decoding=\"async\" src=\"https:\/\/urpspharma.re\/wp-content\/uploads\/2023\/09\/Ma_page_M_dias_sociaux-2-231x300.png\" alt=\"Ma_page_M_dias_sociaux-2\" itemprop=\"image\" height=\"300\" width=\"231\" title=\"Ma_page_M_dias_sociaux-2\" onerror=\"this.style.display='none'\"  \/>\n\t\t\t\t<\/a>\n\t<h3>Site d\u00e9di\u00e9 aux professionnels de sant\u00e9<\/h3>\n\n\t\t\t<a href=\"https:\/\/pro.mois-sans-tabac.re\/\" target=\"_blank\" rel=\"noopener\">\n\t\t\t\t\t\tAcc\u00e8s au site :  en cliquant ICI\n\t\t\t\t\t<\/a>\n\t<p><b>Votre actualit\u00e9<\/b><\/p>\n\t\t<h3>Nous contacter<\/h3>\n\t\tMME Sandrine LAHOGUE &#8211; Charg\u00e9e de mission<br \/>\nEmail : <a href=\"mailto:contact@urpspharma.re\" target=\"_blank\" rel=\"noopener\">contact@urpspharma.re<\/a><br \/>\nGsm : 06.93.90.96.42<br \/>\nFax : 02.62.66.86.46\n\t\t\t<a href=\"#\" target=\"_blank\" rel=\"noopener\">\n\t\t\t\t\t\tMESSAGE \u00e0 mon URPS\n\t\t\t\t\t<\/a>\n\n","protected":false},"excerpt":{"rendered":"<p>Mis \u00e0 jour le 15 octobre 2024 du 15 octobre au 30 novembre 2024 Jour Heure Minute Seconde Action r\u00e9alis\u00e9e avec le soutien financier de la CGSS R\u00e9union Comment y participer? J&#8217;inscris ma pharmacie \u00e0 l&#8217;action en cliquant ICI Inscription possible tout au long de l&#8217;action A la UNE ! &gt;&gt;&gt; En savoir plus ICI&hellip;<\/p>\n","protected":false},"author":3,"featured_media":0,"parent":0,"menu_order":0,"comment_status":"closed","ping_status":"closed","template":"","meta":{"footnotes":""},"amp_enabled":true,"_links":{"self":[{"href":"https:\/\/urpspharma.re\/index.php?rest_route=\/wp\/v2\/pages\/6665"}],"collection":[{"href":"https:\/\/urpspharma.re\/index.php?rest_route=\/wp\/v2\/pages"}],"about":[{"href":"https:\/\/urpspharma.re\/index.php?rest_route=\/wp\/v2\/types\/page"}],"author":[{"embeddable":true,"href":"https:\/\/urpspharma.re\/index.php?rest_route=\/wp\/v2\/users\/3"}],"replies":[{"embeddable":true,"href":"https:\/\/urpspharma.re\/index.php?rest_route=%2Fwp%2Fv2%2Fcomments&post=6665"}],"version-history":[{"count":39,"href":"https:\/\/urpspharma.re\/index.php?rest_route=\/wp\/v2\/pages\/6665\/revisions"}],"predecessor-version":[{"id":6879,"href":"https:\/\/urpspharma.re\/index.php?rest_route=\/wp\/v2\/pages\/6665\/revisions\/6879"}],"wp:attachment":[{"href":"https:\/\/urpspharma.re\/index.php?rest_route=%2Fwp%2Fv2%2Fmedia&parent=6665"}],"curies":[{"name":"wp","href":"https:\/\/api.w.org\/{rel}","templated":true}]}}