{"id":6730,"date":"2024-10-07T15:18:29","date_gmt":"2024-10-07T11:18:29","guid":{"rendered":"https:\/\/urpspharma.re\/?page_id=6730"},"modified":"2024-10-29T17:34:22","modified_gmt":"2024-10-29T13:34:22","slug":"action-rencontre-pharmaceutique-snp-copy-copy","status":"publish","type":"page","link":"https:\/\/urpspharma.re\/?page_id=6730","title":{"rendered":"Action : Entretiens pharmaceutiques conventionnels"},"content":{"rendered":"\n<h1>\n\t\tLES NOUVELLES MISSIONS\n\t<\/h1>\n<h1>\n\t\tEntretiens pharmaceutiques conventionnels\n\t<\/h1>\n<h1>\n\t\tComment participer ?\n\t<\/h1>\n\t<p><strong>Secteur SUD &#8211; Mardi 19 novembre 2024 de 9h00 &#8211; 17h00 <\/strong><\/p>\n<p>H\u00f4tel Battant des lames, 117 Bd Hubert Delisle, 9740 Saint-Pierre<\/p>\n<p><strong>Secteur OUEST &#8211; Mercredi 20 novembre 2024 de 9h00 &#8211; 17h00 <\/strong><\/p>\n<p>H\u00f4tel Le Ness, 26 Route du Trou d&#8217;eau, 97434 Saint-Gilles-Les-Bains<\/p>\n<p><strong>Secteur NORD &#8211; Jeudi 21 novembre 2024 de 9h00 &#8211; 17h00 <\/strong><\/p>\n<p>H\u00f4tel Dina Morgabine, 1 Rue Issop Ravate, 97400 Saint-Denis<\/p>\n\t\t\t<a href=\"https:\/\/docs.google.com\/forms\/d\/e\/1FAIpQLSexwAP6Aqh-h25aqCvz_urf498KSyWbF0njhZl645B_yITIcg\/viewform?usp=sf_link\" target=\"_blank\" rel=\"noopener\">\n\t\t\t\t\t\tCliquez ICI -> Inscription \u00e0 la journ\u00e9e de formation\n\t\t\t\t\t<\/a>\nCes derni\u00e8res ann\u00e9es, le m\u00e9tier de pharmacien a connu des\u00a0<strong>\u00e9volutions importantes<\/strong>\u00a0et ses\u00a0<strong>missions se sont \u00e9largies<\/strong>.<br \/>\nConsid\u00e9r\u00e9 comme le premier professionnel de sant\u00e9 de proximit\u00e9, le pharmacien joue un r\u00f4le central\u00a0en mati\u00e8re de pr\u00e9vention.\nDans ce contexte, votre URPS organise une journ\u00e9e de formation pratique en novembre sur les entretiens pharmaceutiques conventionnels.\nLe but de cette journ\u00e9e est de vous permettre de les mettre en place au comptoir d\u00e8s votre retour \u00e0 l&#8217;officine.\nCette journ\u00e9e va aborder les entretiens suivants:\n<strong>\u25ba oncologie (anti-canc\u00e9reux oraux),<\/strong>\n<strong>\u25ba femmes enceintes,<\/strong>\n<strong>\u25ba bilan de pr\u00e9vention.<\/strong>\n\t<p><a href=\"https:\/\/docs.google.com\/forms\/d\/e\/1FAIpQLSexwAP6Aqh-h25aqCvz_urf498KSyWbF0njhZl645B_yITIcg\/viewform?usp=sf_link\" target=\"_blank\" rel=\"noopener\"><img loading=\"lazy\" decoding=\"async\" src=\"https:\/\/urpspharma.re\/wp-content\/uploads\/2024\/10\/Entretiens-pharmaceutiques_v2-724x1024.png\" alt=\"\" width=\"501\" height=\"708\" \/><\/a><\/p>\n\n","protected":false},"excerpt":{"rendered":"<p>LES NOUVELLES MISSIONS Entretiens pharmaceutiques conventionnels Comment participer ? Secteur SUD &#8211; Mardi 19 novembre 2024 de 9h00 &#8211; 17h00 H\u00f4tel Battant des lames, 117 Bd Hubert Delisle, 9740 Saint-Pierre Secteur OUEST &#8211; Mercredi 20 novembre 2024 de 9h00 &#8211; 17h00 H\u00f4tel Le Ness, 26 Route du Trou d&#8217;eau, 97434 Saint-Gilles-Les-Bains Secteur NORD &#8211; Jeudi&hellip;<\/p>\n","protected":false},"author":3,"featured_media":0,"parent":0,"menu_order":0,"comment_status":"closed","ping_status":"closed","template":"","meta":{"footnotes":""},"amp_enabled":true,"_links":{"self":[{"href":"https:\/\/urpspharma.re\/index.php?rest_route=\/wp\/v2\/pages\/6730"}],"collection":[{"href":"https:\/\/urpspharma.re\/index.php?rest_route=\/wp\/v2\/pages"}],"about":[{"href":"https:\/\/urpspharma.re\/index.php?rest_route=\/wp\/v2\/types\/page"}],"author":[{"embeddable":true,"href":"https:\/\/urpspharma.re\/index.php?rest_route=\/wp\/v2\/users\/3"}],"replies":[{"embeddable":true,"href":"https:\/\/urpspharma.re\/index.php?rest_route=%2Fwp%2Fv2%2Fcomments&post=6730"}],"version-history":[{"count":4,"href":"https:\/\/urpspharma.re\/index.php?rest_route=\/wp\/v2\/pages\/6730\/revisions"}],"predecessor-version":[{"id":6795,"href":"https:\/\/urpspharma.re\/index.php?rest_route=\/wp\/v2\/pages\/6730\/revisions\/6795"}],"wp:attachment":[{"href":"https:\/\/urpspharma.re\/index.php?rest_route=%2Fwp%2Fv2%2Fmedia&parent=6730"}],"curies":[{"name":"wp","href":"https:\/\/api.w.org\/{rel}","templated":true}]}}